CRAN Package Check Results for Package pdist

Last updated on 2021-12-07 05:55:13 CET.

Flavor Version Tinstall Tcheck Ttotal Status Flags
r-devel-linux-x86_64-debian-clang 1.2 2.51 30.34 32.85 NOTE
r-devel-linux-x86_64-debian-gcc 1.2 1.91 24.01 25.92 NOTE
r-devel-linux-x86_64-fedora-clang 1.2 41.93 NOTE
r-devel-linux-x86_64-fedora-gcc 1.2 30.61 NOTE
r-devel-windows-x86_64-new-UL 1.2 8.00 60.00 68.00 NOTE
r-devel-windows-x86_64-new-TK 1.2 NOTE
r-devel-windows-x86_64-old 1.2 5.00 34.00 39.00 NOTE
r-patched-linux-x86_64 1.2 2.29 29.45 31.74 NOTE
r-release-linux-x86_64 1.2 2.28 29.22 31.50 NOTE
r-release-macos-arm64 1.2 NOTE
r-release-macos-x86_64 1.2 NOTE
r-release-windows-ix86+x86_64 1.2 7.00 35.00 42.00 NOTE
r-oldrel-macos-x86_64 1.2 NOTE
r-oldrel-windows-ix86+x86_64 1.2 6.00 28.00 34.00 NOTE

Check Details

Version: 1.2
Check: dependencies in R code
Result: NOTE
    Package in Depends field not imported from: 'methods'
     These packages need to be imported from (in the NAMESPACE file)
     for when this namespace is loaded but not attached.
Flavors: r-devel-linux-x86_64-debian-clang, r-devel-linux-x86_64-debian-gcc, r-devel-linux-x86_64-fedora-clang, r-devel-linux-x86_64-fedora-gcc, r-devel-windows-x86_64-new-UL, r-devel-windows-x86_64-new-TK, r-devel-windows-x86_64-old, r-patched-linux-x86_64, r-release-linux-x86_64, r-release-macos-arm64, r-release-macos-x86_64, r-release-windows-ix86+x86_64, r-oldrel-macos-x86_64, r-oldrel-windows-ix86+x86_64

Version: 1.2
Check: R code for possible problems
Result: NOTE
    pdist: no visible global function definition for 'dist'
    pdist: no visible global function definition for 'new'
    Undefined global functions or variables:
     dist new
    Consider adding
     importFrom("methods", "new")
     importFrom("stats", "dist")
    to your NAMESPACE file (and ensure that your DESCRIPTION Imports field
    contains 'methods').
Flavors: r-devel-linux-x86_64-debian-clang, r-devel-linux-x86_64-debian-gcc, r-devel-linux-x86_64-fedora-clang, r-devel-linux-x86_64-fedora-gcc, r-devel-windows-x86_64-new-UL, r-devel-windows-x86_64-new-TK, r-devel-windows-x86_64-old, r-patched-linux-x86_64, r-release-linux-x86_64, r-release-macos-arm64, r-release-macos-x86_64, r-release-windows-ix86+x86_64, r-oldrel-macos-x86_64, r-oldrel-windows-ix86+x86_64

Version: 1.2
Check: compiled code
Result: NOTE
    File ‘pdist/libs/pdist.so’:
     Found no calls to: ‘R_registerRoutines’, ‘R_useDynamicSymbols’
    
    It is good practice to register native routines and to disable symbol
    search.
    
    See ‘Writing portable packages’ in the ‘Writing R Extensions’ manual.
Flavors: r-devel-linux-x86_64-fedora-clang, r-devel-linux-x86_64-fedora-gcc