CRAN Package Check Results for Package pds3

Last updated on 2022-01-24 05:51:57 CET.

Flavor Version Tinstall Tcheck Ttotal Status Flags
r-devel-linux-x86_64-debian-clang 0.5.0 3.92 60.23 64.15 NOTE
r-devel-linux-x86_64-debian-gcc 0.5.0 2.90 45.75 48.65 NOTE
r-devel-linux-x86_64-fedora-clang 0.5.0 77.87 NOTE
r-devel-linux-x86_64-fedora-gcc 0.5.0 65.10 NOTE
r-devel-windows-x86_64-new-UL 0.5.0 23.00 107.00 130.00 NOTE
r-devel-windows-x86_64-new-TK 0.5.0 NOTE
r-patched-linux-x86_64 0.5.0 3.96 49.20 53.16 NOTE
r-release-linux-x86_64 0.5.0 4.04 49.80 53.84 NOTE
r-release-macos-arm64 0.5.0 NOTE
r-release-macos-x86_64 0.5.0 NOTE
r-release-windows-ix86+x86_64 0.5.0 8.00 69.00 77.00 NOTE
r-oldrel-macos-x86_64 0.5.0 OK
r-oldrel-windows-ix86+x86_64 0.5.0 7.00 69.00 76.00 OK

Check Details

Version: 0.5.0
Check: LazyData
Result: NOTE
     'LazyData' is specified without a 'data' directory
Flavors: r-devel-linux-x86_64-debian-clang, r-devel-linux-x86_64-debian-gcc, r-devel-linux-x86_64-fedora-clang, r-devel-linux-x86_64-fedora-gcc, r-devel-windows-x86_64-new-UL, r-devel-windows-x86_64-new-TK, r-patched-linux-x86_64, r-release-linux-x86_64, r-release-macos-arm64, r-release-macos-x86_64, r-release-windows-ix86+x86_64