CRAN Package Check Results for Package pedquant

Last updated on 2022-01-27 05:56:01 CET.

Flavor Version Tinstall Tcheck Ttotal Status Flags
r-devel-linux-x86_64-debian-clang 0.1.7 14.12 101.00 115.12 OK
r-devel-linux-x86_64-debian-gcc 0.1.7 12.18 75.74 87.92 OK
r-devel-linux-x86_64-fedora-clang 0.1.7 139.40 NOTE
r-devel-linux-x86_64-fedora-gcc 0.1.7 126.46 NOTE
r-devel-windows-x86_64-new-UL 0.1.7 106.00 124.00 230.00 OK
r-devel-windows-x86_64-new-TK 0.1.7 NOTE
r-patched-linux-x86_64 0.1.7 12.59 94.32 106.91 OK
r-release-linux-x86_64 0.1.7 9.39 93.41 102.80 OK
r-release-macos-arm64 0.1.7 NOTE
r-release-macos-x86_64 0.1.7 NOTE
r-release-windows-ix86+x86_64 0.1.7 29.00 109.00 138.00 OK
r-oldrel-macos-x86_64 0.1.7 NOTE
r-oldrel-windows-ix86+x86_64 0.1.7 29.00 110.00 139.00 OK

Check Details

Version: 0.1.7
Check: data for non-ASCII characters
Result: NOTE
     Note: found 7506 marked UTF-8 strings
Flavors: r-devel-linux-x86_64-fedora-clang, r-devel-linux-x86_64-fedora-gcc, r-devel-windows-x86_64-new-TK, r-release-macos-arm64, r-release-macos-x86_64, r-oldrel-macos-x86_64