CRAN Package Check Results for Package pedquant

Last updated on 2020-01-17 05:47:20 CET.

Flavor Version Tinstall Tcheck Ttotal Status Flags
r-devel-linux-x86_64-debian-clang 0.1.2 12.28 69.83 82.11 OK
r-devel-linux-x86_64-debian-gcc 0.1.2 9.45 51.39 60.84 OK
r-devel-linux-x86_64-fedora-clang 0.1.2 101.17 OK
r-devel-linux-x86_64-fedora-gcc 0.1.2 96.85 OK
r-devel-windows-ix86+x86_64 0.1.2 35.00 133.00 168.00 OK
r-devel-windows-ix86+x86_64-gcc8 0.1.2 24.00 115.00 139.00 OK
r-patched-linux-x86_64 0.1.2 11.70 60.69 72.39 OK
r-patched-solaris-x86 0.1.2 126.60 OK
r-release-linux-x86_64 0.1.2 10.45 60.17 70.62 OK
r-release-windows-ix86+x86_64 0.1.2 29.00 124.00 153.00 OK
r-release-osx-x86_64 0.1.2 OK
r-oldrel-windows-ix86+x86_64 0.1.2 20.00 109.00 129.00 WARN
r-oldrel-osx-x86_64 0.1.2 OK

Check Details

Version: 0.1.2
Check: whether package can be installed
Result: WARN
    Found the following significant warnings:
     Warning: unable to re-encode 'pq_perf.R' line 1
Flavor: r-oldrel-windows-ix86+x86_64