CRAN Package Check Results for Package performance

Last updated on 2022-01-27 05:56:01 CET.

Flavor Version Tinstall Tcheck Ttotal Status Flags
r-devel-linux-x86_64-debian-clang 0.8.0 15.79 185.32 201.11 OK
r-devel-linux-x86_64-debian-gcc 0.8.0 12.33 137.53 149.86 OK
r-devel-linux-x86_64-fedora-clang 0.8.0 253.73 NOTE
r-devel-linux-x86_64-fedora-gcc 0.8.0 249.56 OK
r-devel-windows-x86_64-new-UL 0.8.0 388.00 238.00 626.00 OK
r-devel-windows-x86_64-new-TK 0.8.0 NOTE
r-patched-linux-x86_64 0.8.0 19.27 181.37 200.64 OK
r-release-linux-x86_64 0.8.0 13.11 176.22 189.33 OK
r-release-macos-arm64 0.8.0 OK
r-release-macos-x86_64 0.8.0 OK
r-release-windows-ix86+x86_64 0.8.0 29.00 228.00 257.00 OK
r-oldrel-macos-x86_64 0.8.0 OK
r-oldrel-windows-ix86+x86_64 0.8.0 30.00 217.00 247.00 OK

Check Details

Version: 0.8.0
Check: Rd cross-references
Result: NOTE
    Undeclared package ‘bayesplot’ in Rd xrefs
Flavor: r-devel-linux-x86_64-fedora-clang

Version: 0.8.0
Check: package dependencies
Result: NOTE
    Packages suggested but not available for checking:
     'AER', 'afex', 'car', 'gamm4', 'glmmTMB', 'lme4', 'rstanarm'
Flavor: r-devel-windows-x86_64-new-TK