CRAN Package Check Results for Package perryExamples

Last updated on 2024-06-13 06:58:12 CEST.

Flavor Version Tinstall Tcheck Ttotal Status Flags
r-devel-linux-x86_64-debian-clang 0.1.1 13.23 108.08 121.31 OK
r-devel-linux-x86_64-debian-gcc 0.1.1 0.35 1.72 2.07 ERROR
r-devel-linux-x86_64-fedora-clang 0.1.1 151.25 OK
r-devel-linux-x86_64-fedora-gcc 0.1.1 140.83 OK
r-devel-windows-x86_64 0.1.1 10.00 90.00 100.00 OK
r-patched-linux-x86_64 0.1.1 13.41 101.15 114.56 OK
r-release-linux-x86_64 0.1.1 10.32 103.56 113.88 OK
r-release-macos-arm64 0.1.1 40.00 OK
r-release-macos-x86_64 0.1.1 70.00 OK
r-release-windows-x86_64 0.1.1 10.00 92.00 102.00 OK
r-oldrel-macos-arm64 0.1.1 50.00 OK
r-oldrel-macos-x86_64 0.1.1 73.00 OK
r-oldrel-windows-x86_64 0.1.1 14.00 114.00 128.00 OK

Check Details

Version: 0.1.1
Check: package dependencies
Result: ERROR Package required but not available: ‘perry’ See section ‘The DESCRIPTION file’ in the ‘Writing R Extensions’ manual. Flavor: r-devel-linux-x86_64-debian-gcc