CRAN Package Check Results for Package personalized2part

Last updated on 2020-12-02 05:48:13 CET.

Flavor Version Tinstall Tcheck Ttotal Status Flags
r-devel-linux-x86_64-debian-clang 0.0.1 110.41 116.86 227.27 OK
r-devel-linux-x86_64-debian-gcc 0.0.1 60.27 88.68 148.95 OK
r-devel-linux-x86_64-fedora-clang 0.0.1 279.75 NOTE
r-devel-linux-x86_64-fedora-gcc 0.0.1 247.33 OK
r-devel-windows-ix86+x86_64 0.0.1 191.00 155.00 346.00 OK
r-patched-linux-x86_64 0.0.1 65.92 109.92 175.84 OK
r-patched-solaris-x86 0.0.1 267.20 OK
r-release-linux-x86_64 0.0.1 54.64 107.90 162.54 OK
r-release-macos-x86_64 0.0.1 NOTE
r-release-windows-ix86+x86_64 0.0.1 135.00 149.00 284.00 OK
r-oldrel-macos-x86_64 0.0.1 NOTE
r-oldrel-windows-ix86+x86_64 0.0.1 146.00 182.00 328.00 OK

Check Details

Version: 0.0.1
Check: installed package size
Result: NOTE
     installed size is 11.9Mb
     sub-directories of 1Mb or more:
     libs 11.6Mb
Flavors: r-devel-linux-x86_64-fedora-clang, r-release-macos-x86_64, r-oldrel-macos-x86_64