CRAN Package Check Results for Package personalr

Last updated on 2021-12-07 05:55:13 CET.

Flavor Version Tinstall Tcheck Ttotal Status Flags
r-devel-linux-x86_64-debian-clang 1.0.1 2.40 31.59 33.99 NOTE
r-devel-linux-x86_64-debian-gcc 1.0.1 2.00 24.83 26.83 NOTE
r-devel-linux-x86_64-fedora-clang 1.0.1 41.65 NOTE
r-devel-linux-x86_64-fedora-gcc 1.0.1 30.48 NOTE
r-devel-windows-x86_64-new-UL 1.0.1 8.00 71.00 79.00 NOTE
r-devel-windows-x86_64-new-TK 1.0.1 NOTE
r-devel-windows-x86_64-old 1.0.1 5.00 31.00 36.00 NOTE
r-patched-linux-x86_64 1.0.1 2.37 30.03 32.40 NOTE
r-release-linux-x86_64 1.0.1 1.88 29.79 31.67 NOTE
r-release-macos-arm64 1.0.1 NOTE
r-release-macos-x86_64 1.0.1 NOTE
r-release-windows-ix86+x86_64 1.0.1 5.00 35.00 40.00 NOTE
r-oldrel-macos-x86_64 1.0.1 OK
r-oldrel-windows-ix86+x86_64 1.0.1 7.00 231.00 238.00 OK

Check Details

Version: 1.0.1
Check: LazyData
Result: NOTE
     'LazyData' is specified without a 'data' directory
Flavors: r-devel-linux-x86_64-debian-clang, r-devel-linux-x86_64-debian-gcc, r-devel-linux-x86_64-fedora-clang, r-devel-linux-x86_64-fedora-gcc, r-devel-windows-x86_64-new-UL, r-devel-windows-x86_64-new-TK, r-devel-windows-x86_64-old, r-patched-linux-x86_64, r-release-linux-x86_64, r-release-macos-arm64, r-release-macos-x86_64, r-release-windows-ix86+x86_64