CRAN Package Check Results for Package pgirmess

Last updated on 2021-03-02 05:47:49 CET.

Flavor Version Tinstall Tcheck Ttotal Status Flags
r-devel-linux-x86_64-debian-clang 1.6.9 NOTE
r-devel-linux-x86_64-debian-gcc 1.6.9 15.57 127.08 142.65 NOTE
r-devel-linux-x86_64-fedora-clang 1.6.9 233.17 NOTE
r-devel-linux-x86_64-fedora-gcc 1.6.9 221.28 NOTE
r-devel-windows-ix86+x86_64 1.6.9 36.00 170.00 206.00 OK
r-patched-linux-x86_64 1.6.9 16.52 157.20 173.72 NOTE
r-patched-solaris-x86 1.6.9 322.10 NOTE
r-release-linux-x86_64 1.6.9 15.62 155.97 171.59 NOTE
r-release-macos-x86_64 1.6.9 OK
r-release-windows-ix86+x86_64 1.6.9 57.00 12.00 69.00 ERROR
r-oldrel-macos-x86_64 1.6.9 OK
r-oldrel-windows-ix86+x86_64 1.6.9 31.00 236.00 267.00 OK

Check Details

Version: 1.6.9
Check: for non-standard things in the check directory
Result: NOTE
    Found the following files/directories:
     'Myfile.txt'
Flavors: r-devel-linux-x86_64-debian-clang, r-devel-linux-x86_64-debian-gcc, r-devel-linux-x86_64-fedora-clang, r-devel-linux-x86_64-fedora-gcc, r-patched-linux-x86_64, r-patched-solaris-x86, r-release-linux-x86_64

Version: 1.6.9
Check: Rd cross-references
Result: NOTE
    Undeclared packages ‘classInt’, ‘PMCMR’, ‘agricolae’, ‘plotrix’, ‘AICcmodavg’ in Rd xrefs
Flavor: r-devel-linux-x86_64-fedora-clang

Version: 1.6.9
Check: whether package can be installed
Result: ERROR
    Installation failed.
    See 'd:/Rcompile/CRANpkg/local/4.0/pgirmess.Rcheck/00install.out'* DONE
Flavor: r-release-windows-ix86+x86_64