CRAN Package Check Results for Package phangorn

Last updated on 2019-07-16 05:48:25 CEST.

Flavor Version Tinstall Tcheck Ttotal Status Flags
r-devel-linux-x86_64-debian-clang 2.5.5 45.01 259.59 304.60 OK
r-devel-linux-x86_64-debian-gcc 2.5.5 34.08 193.33 227.41 OK
r-devel-linux-x86_64-fedora-clang 2.5.5 344.87 OK
r-devel-linux-x86_64-fedora-gcc 2.5.5 349.88 OK
r-devel-windows-ix86+x86_64 2.5.5 116.00 323.00 439.00 OK
r-patched-linux-x86_64 2.5.5 41.46 251.09 292.55 OK
r-patched-solaris-x86 2.5.5 443.50 OK
r-release-linux-x86_64 2.5.5 39.93 242.29 282.22 OK
r-release-windows-ix86+x86_64 2.5.5 83.00 325.00 408.00 NOTE
r-release-osx-x86_64 2.5.5 NOTE
r-oldrel-windows-ix86+x86_64 2.5.5 103.00 292.00 395.00 OK
r-oldrel-osx-x86_64 2.5.5 OK

Check Details

Version: 2.5.5
Check: installed package size
Result: NOTE
     installed size is 5.0Mb
     sub-directories of 1Mb or more:
     doc 1.1Mb
     libs 1.7Mb
Flavor: r-release-windows-ix86+x86_64

Version: 2.5.5
Check: package dependencies
Result: NOTE
    Package suggested but not available for checking: ‘Biostrings’
Flavor: r-release-osx-x86_64