CRAN Package Check Results for Package phangorn

Last updated on 2020-02-20 05:48:30 CET.

Flavor Version Tinstall Tcheck Ttotal Status Flags
r-devel-linux-x86_64-debian-clang 2.5.5 50.19 275.09 325.28 OK
r-devel-linux-x86_64-debian-gcc 2.5.5 35.31 199.35 234.66 OK
r-devel-linux-x86_64-fedora-clang 2.5.5 382.66 OK
r-devel-linux-x86_64-fedora-gcc 2.5.5 373.92 OK
r-devel-windows-ix86+x86_64 2.5.5 81.00 345.00 426.00 OK
r-devel-windows-ix86+x86_64-gcc8 2.5.5 120.00 457.00 577.00 NOTE
r-patched-linux-x86_64 2.5.5 42.17 240.08 282.25 OK
r-patched-solaris-x86 2.5.5 434.60 OK
r-release-linux-x86_64 2.5.5 40.06 232.57 272.63 OK
r-release-windows-ix86+x86_64 2.5.5 76.00 337.00 413.00 NOTE
r-release-osx-x86_64 2.5.5 NOTE
r-oldrel-windows-ix86+x86_64 2.5.5 73.00 265.00 338.00 NOTE
r-oldrel-osx-x86_64 2.5.5 OK

Check Details

Version: 2.5.5
Check: installed package size
Result: NOTE
     installed size is 5.5Mb
     sub-directories of 1Mb or more:
     doc 1.1Mb
     libs 2.2Mb
Flavors: r-devel-windows-ix86+x86_64-gcc8, r-release-windows-ix86+x86_64, r-oldrel-windows-ix86+x86_64

Version: 2.5.5
Check: package dependencies
Result: NOTE
    Package suggested but not available for checking: ‘Biostrings’
Flavor: r-release-osx-x86_64