CRAN Package Check Results for Package pheatmap

Last updated on 2022-01-23 05:58:00 CET.

Flavor Version Tinstall Tcheck Ttotal Status Flags
r-devel-linux-x86_64-debian-clang 1.0.12 2.63 42.27 44.90 NOTE
r-devel-linux-x86_64-debian-gcc 1.0.12 2.91 36.23 39.14 NOTE
r-devel-linux-x86_64-fedora-clang 1.0.12 56.23 NOTE
r-devel-linux-x86_64-fedora-gcc 1.0.12 43.84 NOTE
r-devel-windows-x86_64-new-UL 1.0.12 29.00 60.00 89.00 OK
r-devel-windows-x86_64-new-TK 1.0.12 OK
r-patched-linux-x86_64 1.0.12 4.23 39.83 44.06 NOTE
r-release-linux-x86_64 1.0.12 3.92 40.51 44.43 NOTE
r-release-macos-arm64 1.0.12 OK
r-release-macos-x86_64 1.0.12 OK
r-release-windows-ix86+x86_64 1.0.12 8.00 51.00 59.00 OK
r-oldrel-macos-x86_64 1.0.12 OK
r-oldrel-windows-ix86+x86_64 1.0.12 7.00 49.00 56.00 OK

Check Details

Version: 1.0.12
Check: for non-standard things in the check directory
Result: NOTE
    Found the following files/directories:
     'test.pdf'
Flavors: r-devel-linux-x86_64-debian-clang, r-devel-linux-x86_64-debian-gcc, r-devel-linux-x86_64-fedora-clang, r-devel-linux-x86_64-fedora-gcc, r-patched-linux-x86_64, r-release-linux-x86_64