CRAN Package Check Results for Package piecepackr

Last updated on 2021-12-01 05:59:34 CET.

Flavor Version Tinstall Tcheck Ttotal Status Flags
r-devel-linux-x86_64-debian-clang 1.9.2 20.79 153.87 174.66 OK
r-devel-linux-x86_64-debian-gcc 1.9.2 17.03 119.14 136.17 OK
r-devel-linux-x86_64-fedora-clang 1.9.2 216.40 OK
r-devel-linux-x86_64-fedora-gcc 1.9.2 202.01 OK
r-devel-windows-x86_64-new-UL 1.9.2 44.00 237.00 281.00 OK
r-devel-windows-x86_64-new-TK 1.9.2 OK
r-devel-windows-x86_64-old 1.9.2 34.00 148.00 182.00 OK
r-patched-linux-x86_64 1.9.2 19.12 141.05 160.17 OK
r-patched-solaris-x86 1.9.2 257.30 OK
r-release-linux-x86_64 1.9.2 18.49 140.58 159.07 OK
r-release-macos-arm64 1.9.2 OK
r-release-macos-x86_64 1.9.2 OK
r-release-windows-ix86+x86_64 1.9.2 39.00 186.00 225.00 OK
r-oldrel-macos-x86_64 1.9.2 NOTE
r-oldrel-windows-ix86+x86_64 1.9.2 25.00 136.00 161.00 OK

Check Details

Version: 1.9.2
Check: package dependencies
Result: NOTE
    Package suggested but not available for checking: ‘rgl’
Flavor: r-oldrel-macos-x86_64

Version: 1.9.2
Check: Rd cross-references
Result: NOTE
    Package unavailable to check Rd xrefs: ‘rgl’
Flavor: r-oldrel-macos-x86_64