CRAN Package Check Results for Package pimeta

Last updated on 2019-08-21 05:46:58 CEST.

Flavor Version Tinstall Tcheck Ttotal Status Flags
r-devel-linux-x86_64-debian-clang 1.1.2 35.21 54.08 89.29 NOTE
r-devel-linux-x86_64-debian-gcc 1.1.2 31.32 39.86 71.18 NOTE
r-devel-linux-x86_64-fedora-clang 1.1.2 117.86 NOTE
r-devel-linux-x86_64-fedora-gcc 1.1.2 118.31 NOTE
r-devel-windows-ix86+x86_64 1.1.2 82.00 98.00 180.00 OK
r-patched-linux-x86_64 1.1.2 33.84 51.39 85.23 OK
r-patched-solaris-x86 1.1.2 169.50 NOTE
r-release-linux-x86_64 1.1.2 34.25 51.66 85.91 OK
r-release-windows-ix86+x86_64 1.1.2 63.00 90.00 153.00 OK
r-release-osx-x86_64 1.1.2 NOTE
r-oldrel-windows-ix86+x86_64 1.1.2 73.00 113.00 186.00 OK
r-oldrel-osx-x86_64 1.1.2 NOTE

Check Details

Version: 1.1.2
Check: for non-standard things in the check directory
Result: NOTE
    Found the following files/directories:
     'forestplot.pdf'
Flavors: r-devel-linux-x86_64-debian-clang, r-devel-linux-x86_64-debian-gcc, r-devel-linux-x86_64-fedora-clang, r-devel-linux-x86_64-fedora-gcc

Version: 1.1.2
Check: installed package size
Result: NOTE
     installed size is 11.0Mb
     sub-directories of 1Mb or more:
     libs 10.7Mb
Flavors: r-devel-linux-x86_64-fedora-clang, r-release-osx-x86_64, r-oldrel-osx-x86_64

Version: 1.1.2
Check: dependencies in R code
Result: NOTE
    Namespace in Imports field not imported from: ‘utils’
     All declared Imports should be used.
Flavors: r-devel-linux-x86_64-fedora-clang, r-devel-linux-x86_64-fedora-gcc, r-patched-solaris-x86, r-release-osx-x86_64, r-oldrel-osx-x86_64