CRAN Package Check Results for Package pimeta

Last updated on 2019-12-07 05:47:42 CET.

Flavor Version Tinstall Tcheck Ttotal Status Flags
r-devel-linux-x86_64-debian-clang 1.1.3 37.88 54.21 92.09 OK
r-devel-linux-x86_64-debian-gcc 1.1.3 32.43 39.86 72.29 OK
r-devel-linux-x86_64-fedora-clang 1.1.3 120.60 NOTE
r-devel-linux-x86_64-fedora-gcc 1.1.3 116.14 NOTE
r-devel-windows-ix86+x86_64 1.1.3 67.00 134.00 201.00 OK
r-devel-windows-ix86+x86_64-gcc8 1.1.3 72.00 121.00 193.00 OK
r-patched-linux-x86_64 1.1.3 34.20 49.19 83.39 OK
r-patched-solaris-x86 1.1.3 166.90 NOTE
r-release-linux-x86_64 1.1.3 35.31 48.70 84.01 OK
r-release-windows-ix86+x86_64 1.1.3 66.00 90.00 156.00 OK
r-release-osx-x86_64 1.1.3 NOTE
r-oldrel-windows-ix86+x86_64 1.1.3 63.00 84.00 147.00 OK
r-oldrel-osx-x86_64 1.1.3 NOTE

Check Details

Version: 1.1.3
Check: installed package size
Result: NOTE
     installed size is 11.0Mb
     sub-directories of 1Mb or more:
     libs 10.7Mb
Flavors: r-devel-linux-x86_64-fedora-clang, r-release-osx-x86_64, r-oldrel-osx-x86_64

Version: 1.1.3
Check: dependencies in R code
Result: NOTE
    Namespace in Imports field not imported from: ‘utils’
     All declared Imports should be used.
Flavors: r-devel-linux-x86_64-fedora-clang, r-devel-linux-x86_64-fedora-gcc, r-patched-solaris-x86, r-release-osx-x86_64, r-oldrel-osx-x86_64