CRAN Package Check Results for Package pinp

Last updated on 2019-08-19 05:46:30 CEST.

Flavor Version Tinstall Tcheck Ttotal Status Flags
r-devel-linux-x86_64-debian-clang 0.0.7 2.67 34.45 37.12 OK
r-devel-linux-x86_64-debian-gcc 0.0.7 2.14 28.03 30.17 OK
r-devel-linux-x86_64-fedora-clang 0.0.7 71.80 WARN
r-devel-linux-x86_64-fedora-gcc 0.0.7 71.47 WARN
r-devel-windows-ix86+x86_64 0.0.7 11.00 61.00 72.00 OK
r-patched-linux-x86_64 0.0.7 1.86 33.88 35.74 OK
r-patched-solaris-x86 0.0.7 57.40 OK
r-release-linux-x86_64 0.0.7 1.86 34.07 35.93 OK
r-release-windows-ix86+x86_64 0.0.7 6.00 59.00 65.00 OK
r-release-osx-x86_64 0.0.7 OK
r-oldrel-windows-ix86+x86_64 0.0.7 5.00 74.00 79.00 OK
r-oldrel-osx-x86_64 0.0.7 OK

Check Details

Version: 0.0.7
Check: re-building of vignette outputs
Result: WARN
    Error(s) in re-building vignettes:
    --- re-building ‘pinp.Rmd’ using rmarkdown
    tlmgr search --file --global '/tikzlibrarytopaths.code.tex'
    Trying to automatically install missing LaTeX packages...
    tlmgr install pgf
    tlmgr: package repository http://anorien.csc.warwick.ac.uk/mirrors/CTAN/systems/texlive/tlnet (verified)
    tlmgr install: package already present: pgf
    tlmgr path add
    add_link_dir_dir: /usr/local/share/info/dir exists; not making symlink.
    tlmgr search --file --global '/tikzlibrarytopaths.code.tex'
    ! LaTeX Error: Missing \begin{document}.
    
    Error: processing vignette 'pinp.Rmd' failed with diagnostics:
    Failed to compile pinp.tex. See https://yihui.name/tinytex/r/#debugging for debugging tips. See pinp.log for more info.
    --- failed re-building ‘pinp.Rmd’
    
    SUMMARY: processing the following file failed:
     ‘pinp.Rmd’
    
    Error: Vignette re-building failed.
    Execution halted
Flavors: r-devel-linux-x86_64-fedora-clang, r-devel-linux-x86_64-fedora-gcc