CRAN Package Check Results for Package plac

Last updated on 2024-06-13 06:58:12 CEST.

Flavor Version Tinstall Tcheck Ttotal Status Flags
r-devel-linux-x86_64-debian-clang 0.1.3 140.03 85.24 225.27 OK
r-devel-linux-x86_64-debian-gcc 0.1.3 102.11 65.78 167.89 ERROR
r-devel-linux-x86_64-fedora-clang 0.1.3 278.77 OK
r-devel-linux-x86_64-fedora-gcc 0.1.3 332.31 OK
r-devel-windows-x86_64 0.1.3 92.00 105.00 197.00 OK
r-patched-linux-x86_64 0.1.3 126.46 89.48 215.94 OK
r-release-linux-x86_64 0.1.3 124.17 89.17 213.34 OK
r-release-macos-arm64 0.1.3 75.00 NOTE
r-release-macos-x86_64 0.1.3 87.00 NOTE
r-release-windows-x86_64 0.1.3 92.00 108.00 200.00 OK
r-oldrel-macos-arm64 0.1.3 63.00 NOTE
r-oldrel-macos-x86_64 0.1.3 145.00 NOTE
r-oldrel-windows-x86_64 0.1.3 118.00 126.00 244.00 OK

Check Details

Version: 0.1.3
Check: package dependencies
Result: NOTE Package suggested but not available for checking: ‘testthat’ Flavor: r-devel-linux-x86_64-debian-gcc

Version: 0.1.3
Check: tests
Result: ERROR Running ‘testthat.R’ [0s/1s] Running the tests in ‘tests/testthat.R’ failed. Complete output: > library(testthat) Error in library(testthat) : there is no package called 'testthat' Execution halted Flavor: r-devel-linux-x86_64-debian-gcc

Version: 0.1.3
Check: installed package size
Result: NOTE installed size is 28.9Mb sub-directories of 1Mb or more: libs 28.8Mb Flavors: r-release-macos-arm64, r-release-macos-x86_64, r-oldrel-macos-arm64, r-oldrel-macos-x86_64