CRAN Package Check Results for Package plgraphics

Last updated on 2024-06-14 06:53:43 CEST.

Flavor Version Tinstall Tcheck Ttotal Status Flags
r-devel-linux-x86_64-debian-clang 1.2 17.69 229.74 247.43 NOTE
r-devel-linux-x86_64-debian-gcc 1.2 16.90 164.25 181.15 NOTE
r-devel-linux-x86_64-fedora-clang 1.2 305.79 NOTE
r-devel-linux-x86_64-fedora-gcc 1.2 303.81 NOTE
r-devel-windows-x86_64 1.2 17.00 204.00 221.00 NOTE
r-patched-linux-x86_64 1.2 17.40 223.81 241.21 NOTE
r-release-linux-x86_64 1.2 18.06 217.59 235.65 NOTE
r-release-macos-arm64 1.2 89.00 NOTE
r-release-macos-x86_64 1.2 143.00 WARN
r-release-windows-x86_64 1.2 18.00 204.00 222.00 NOTE
r-oldrel-macos-arm64 1.2 91.00 OK
r-oldrel-macos-x86_64 1.2 192.00 OK
r-oldrel-windows-x86_64 1.2 24.00 240.00 264.00 OK

Check Details

Version: 1.2
Check: Rd files
Result: NOTE checkRd: (-1) plgraphics-internal.Rd:19: Lost braces 19 | \item{RNAMES}{code{row.names} if \code{x} is a matrix or data.frame, | ^ Flavors: r-devel-linux-x86_64-debian-clang, r-devel-linux-x86_64-debian-gcc, r-devel-linux-x86_64-fedora-clang, r-devel-linux-x86_64-fedora-gcc, r-devel-windows-x86_64, r-patched-linux-x86_64, r-release-linux-x86_64, r-release-macos-arm64, r-release-macos-x86_64, r-release-windows-x86_64

Version: 1.2
Check: re-building of vignette outputs
Result: WARN Error(s) in re-building vignettes: ... --- re-building ‘pl-description.Rnw’ using knitr Error: processing vignette 'pl-description.Rnw' failed with diagnostics: Running 'texi2dvi' on 'pl-description.tex' failed. LaTeX errors: ! Undefined control sequence. l.198 \hlkwd{plyx}\hldef {(Sepal.Width}\hlopt{~}\hldef{Sepal.Length,} \hlkwc{... ? ! Emergency stop. l.198 End of file on the terminal! ! ==> Fatal error occurred, no output PDF file produced! --- failed re-building ‘pl-description.Rnw’ SUMMARY: processing the following file failed: ‘pl-description.Rnw’ Error: Vignette re-building failed. Execution halted Flavor: r-release-macos-x86_64