CRAN Package Check Results for Package pls

Last updated on 2019-12-07 05:47:44 CET.

Flavor Version Tinstall Tcheck Ttotal Status Flags
r-devel-linux-x86_64-debian-clang 2.7-2 6.49 61.40 67.89 OK
r-devel-linux-x86_64-debian-gcc 2.7-2 5.56 46.47 52.03 OK
r-devel-linux-x86_64-fedora-clang 2.7-2 77.08 OK
r-devel-linux-x86_64-fedora-gcc 2.7-2 76.64 OK
r-devel-windows-ix86+x86_64 2.7-2 12.00 96.00 108.00 OK
r-devel-windows-ix86+x86_64-gcc8 2.7-2 11.00 104.00 115.00 OK
r-patched-linux-x86_64 2.7-2 6.52 55.77 62.29 OK
r-patched-solaris-x86 2.7-2 119.40 OK
r-release-linux-x86_64 2.7-2 6.16 55.95 62.11 OK
r-release-windows-ix86+x86_64 2.7-2 14.00 71.00 85.00 OK
r-release-osx-x86_64 2.7-2 NOTE
r-oldrel-windows-ix86+x86_64 2.7-2 15.00 114.00 129.00 OK
r-oldrel-osx-x86_64 2.7-2 NOTE

Check Details

Version: 2.7-2
Check: package dependencies
Result: NOTE
    Package suggested but not available for checking: ‘Rmpi’
Flavors: r-release-osx-x86_64, r-oldrel-osx-x86_64