CRAN Package Check Results for Package plumber

Last updated on 2022-01-27 05:56:02 CET.

Flavor Version Tinstall Tcheck Ttotal Status Flags
r-devel-linux-x86_64-debian-clang 1.1.0 13.46 94.32 107.78 NOTE
r-devel-linux-x86_64-debian-gcc 1.1.0 10.61 104.33 114.94 NOTE
r-devel-linux-x86_64-fedora-clang 1.1.0 181.50 NOTE
r-devel-linux-x86_64-fedora-gcc 1.1.0 207.14 NOTE
r-devel-windows-x86_64-new-UL 1.1.0 111.00 159.00 270.00 NOTE
r-devel-windows-x86_64-new-TK 1.1.0 NOTE
r-patched-linux-x86_64 1.1.0 12.29 127.58 139.87 NOTE
r-release-linux-x86_64 1.1.0 12.23 131.68 143.91 NOTE
r-release-macos-arm64 1.1.0 NOTE
r-release-macos-x86_64 1.1.0 NOTE
r-release-windows-ix86+x86_64 1.1.0 26.00 116.00 142.00 ERROR
r-oldrel-macos-x86_64 1.1.0 OK
r-oldrel-windows-ix86+x86_64 1.1.0 27.00 113.00 140.00 ERROR

Check Details

Version: 1.1.0
Check: LazyData
Result: NOTE
     'LazyData' is specified without a 'data' directory
Flavors: r-devel-linux-x86_64-debian-clang, r-devel-linux-x86_64-debian-gcc, r-devel-linux-x86_64-fedora-clang, r-devel-linux-x86_64-fedora-gcc, r-devel-windows-x86_64-new-UL, r-devel-windows-x86_64-new-TK, r-patched-linux-x86_64, r-release-linux-x86_64, r-release-macos-arm64, r-release-macos-x86_64, r-release-windows-ix86+x86_64

Version: 1.1.0
Check: tests
Result: ERROR
     Running 'spelling.R' [0s]
     Running 'testthat.R' [46s]
    Running the tests in 'tests/testthat.R' failed.
    Complete output:
     > library(testthat)
     > library(plumber)
     >
     > test_check("plumber")
     [ FAIL 1 | WARN 0 | SKIP 14 | PASS 1917 ]
    
     == Skipped tests ===============================================================
     * On CRAN (13)
     * On Windows (1)
    
     == Failed tests ================================================================
     -- Error (test-legacy.R:29:3): postBody is not enabled by default --------------
     Error in `gsub(paste0("([\\", paste0(collapse = "\\", chars), "])"), "\\\\\\1",
     x, perl = TRUE)`: input string 1 is invalid UTF-8
     Backtrace:
     x
     1. \-testthat::expect_output(...) test-legacy.R:29:2
     2. \-testthat::expect_match(...)
     3. \-testthat:::expect_match_(...)
     4. +-base::paste0(...)
     5. \-testthat:::escape(encodeString(act$val))
     6. \-base::gsub(...)
    
     [ FAIL 1 | WARN 0 | SKIP 14 | PASS 1917 ]
     Error: Test failures
     Execution halted
Flavor: r-release-windows-ix86+x86_64

Version: 1.1.0
Check: tests
Result: ERROR
     Running 'spelling.R' [0s]
     Running 'testthat.R' [43s]
    Running the tests in 'tests/testthat.R' failed.
    Complete output:
     > library(testthat)
     > library(plumber)
     >
     > test_check("plumber")
     [ FAIL 1 | WARN 0 | SKIP 14 | PASS 1917 ]
    
     == Skipped tests ===============================================================
     * On CRAN (13)
     * On Windows (1)
    
     == Failed tests ================================================================
     -- Error (test-legacy.R:29:3): postBody is not enabled by default --------------
     Error in `gsub(paste0("([\\", paste0(collapse = "\\", chars), "])"), "\\\\\\1",
     x, perl = TRUE)`: input string 1 is invalid UTF-8
     Backtrace:
     x
     1. \-testthat::expect_output(...) test-legacy.R:29:2
     2. \-testthat::expect_match(...)
     3. \-testthat:::expect_match_(...)
     4. +-base::paste0(...)
     5. \-testthat:::escape(encodeString(act$val))
     6. \-base::gsub(...)
    
     [ FAIL 1 | WARN 0 | SKIP 14 | PASS 1917 ]
     Error: Test failures
     Execution halted
Flavor: r-oldrel-windows-ix86+x86_64