Last updated on 2019-12-07 05:47:44 CET.
Flavor | Version | Tinstall | Tcheck | Ttotal | Status | Flags |
---|---|---|---|---|---|---|
r-devel-linux-x86_64-debian-clang | 2.1.0 | 14.50 | 309.94 | 324.44 | OK | |
r-devel-linux-x86_64-debian-gcc | 2.1.0 | 10.27 | 218.73 | 229.00 | OK | |
r-devel-linux-x86_64-fedora-clang | 2.1.0 | 373.06 | OK | |||
r-devel-linux-x86_64-fedora-gcc | 2.1.0 | 365.17 | OK | |||
r-devel-windows-ix86+x86_64 | 2.1.0 | 21.00 | 371.00 | 392.00 | OK | |
r-devel-windows-ix86+x86_64-gcc8 | 2.1.0 | 19.00 | 375.00 | 394.00 | OK | |
r-patched-linux-x86_64 | 2.1.0 | 11.86 | 262.05 | 273.91 | OK | |
r-patched-solaris-x86 | 2.1.0 | 193.60 | ERROR | |||
r-release-linux-x86_64 | 2.1.0 | 11.33 | 264.00 | 275.33 | OK | |
r-release-windows-ix86+x86_64 | 2.1.0 | 23.00 | 269.00 | 292.00 | OK | |
r-release-osx-x86_64 | 2.1.0 | OK | ||||
r-oldrel-windows-ix86+x86_64 | 2.1.0 | 16.00 | 367.00 | 383.00 | OK | |
r-oldrel-osx-x86_64 | 2.1.0 | OK |
Version: 2.1.0
Check: tests
Result: ERROR
Running ‘testthat.R’ [48s/63s]
Running the tests in ‘tests/testthat.R’ failed.
Complete output:
> library(testthat)
> library(pmml, quietly = T)
>
> test_check("pmml")
Error: segfault from C stack overflow
Execution halted
Flavor: r-patched-solaris-x86