CRAN Package Check Results for Package pmml

Last updated on 2019-08-21 05:46:59 CEST.

Flavor Version Tinstall Tcheck Ttotal Status Flags
r-devel-linux-x86_64-debian-clang 2.0.0 11.37 278.55 289.92 OK
r-devel-linux-x86_64-debian-gcc 2.0.0 11.33 191.92 203.25 OK
r-devel-linux-x86_64-fedora-clang 2.0.0 302.02 OK
r-devel-linux-x86_64-fedora-gcc 2.0.0 306.28 OK
r-devel-windows-ix86+x86_64 2.0.0 27.00 292.00 319.00 OK
r-patched-linux-x86_64 2.0.0 11.57 252.12 263.69 OK
r-patched-solaris-x86 2.0.0 203.00 ERROR
r-release-linux-x86_64 2.0.0 13.30 251.87 265.17 OK
r-release-windows-ix86+x86_64 2.0.0 14.00 251.00 265.00 OK
r-release-osx-x86_64 2.0.0 OK
r-oldrel-windows-ix86+x86_64 2.0.0 20.00 327.00 347.00 OK
r-oldrel-osx-x86_64 2.0.0 OK

Check Details

Version: 2.0.0
Check: tests
Result: ERROR
     Running ‘testthat.R’ [36s/66s]
    Running the tests in ‘tests/testthat.R’ failed.
    Complete output:
     > library(testthat)
     > library(pmml, quietly = T)
     >
     > test_check("pmml")
     Error: segfault from C stack overflow
     Execution halted
Flavor: r-patched-solaris-x86