CRAN Package Check Results for Package pmpp

Last updated on 2022-01-23 05:58:00 CET.

Flavor Version Tinstall Tcheck Ttotal Status Flags
r-devel-linux-x86_64-debian-clang 0.1.1 14.38 303.57 317.95 NOTE
r-devel-linux-x86_64-debian-gcc 0.1.1 13.21 234.80 248.01 NOTE
r-devel-linux-x86_64-fedora-clang 0.1.1 374.98 NOTE
r-devel-linux-x86_64-fedora-gcc 0.1.1 355.73 NOTE
r-devel-windows-x86_64-new-UL 0.1.1 33.00 333.00 366.00 NOTE
r-devel-windows-x86_64-new-TK 0.1.1 NOTE
r-patched-linux-x86_64 0.1.1 12.30 294.87 307.17 NOTE
r-release-linux-x86_64 0.1.1 12.33 293.15 305.48 NOTE
r-release-macos-arm64 0.1.1 NOTE
r-release-macos-x86_64 0.1.1 NOTE
r-release-windows-ix86+x86_64 0.1.1 32.00 351.00 383.00 NOTE
r-oldrel-macos-x86_64 0.1.1 OK
r-oldrel-windows-ix86+x86_64 0.1.1 32.00 345.00 377.00 OK

Check Details

Version: 0.1.1
Check: LazyData
Result: NOTE
     'LazyData' is specified without a 'data' directory
Flavors: r-devel-linux-x86_64-debian-clang, r-devel-linux-x86_64-debian-gcc, r-devel-linux-x86_64-fedora-clang, r-devel-linux-x86_64-fedora-gcc, r-devel-windows-x86_64-new-UL, r-devel-windows-x86_64-new-TK, r-patched-linux-x86_64, r-release-linux-x86_64, r-release-macos-arm64, r-release-macos-x86_64, r-release-windows-ix86+x86_64