CRAN Package Check Results for Package pointblank

Last updated on 2022-01-27 05:56:02 CET.

Flavor Version Tinstall Tcheck Ttotal Status Flags
r-devel-linux-x86_64-debian-clang 0.10.0 22.77 254.09 276.86 OK
r-devel-linux-x86_64-debian-gcc 0.10.0 19.24 190.93 210.17 OK
r-devel-linux-x86_64-fedora-clang 0.10.0 355.64 NOTE
r-devel-linux-x86_64-fedora-gcc 0.10.0 336.57 NOTE
r-devel-windows-x86_64-new-UL 0.10.0 576.00 317.00 893.00 OK
r-devel-windows-x86_64-new-TK 0.10.0 NOTE
r-patched-linux-x86_64 0.10.0 35.09 247.61 282.70 OK
r-release-linux-x86_64 0.9.0 22.64 234.80 257.44 OK
r-release-macos-arm64 0.9.0 NOTE
r-release-macos-x86_64 0.10.0 NOTE
r-release-windows-ix86+x86_64 0.10.0 43.00 293.00 336.00 OK
r-oldrel-macos-x86_64 0.10.0 NOTE
r-oldrel-windows-ix86+x86_64 0.10.0 42.00 313.00 355.00 OK

Check Details

Version: 0.10.0
Check: installed package size
Result: NOTE
     installed size is 5.0Mb
     sub-directories of 1Mb or more:
     help 2.6Mb
Flavor: r-devel-linux-x86_64-fedora-clang

Version: 0.10.0
Check: data for non-ASCII characters
Result: NOTE
     Note: found 1 marked UTF-8 string
Flavors: r-devel-linux-x86_64-fedora-clang, r-devel-linux-x86_64-fedora-gcc, r-devel-windows-x86_64-new-TK, r-release-macos-x86_64, r-oldrel-macos-x86_64

Version: 0.9.0
Check: data for non-ASCII characters
Result: NOTE
     Note: found 1 marked UTF-8 string
Flavor: r-release-macos-arm64