CRAN Package Check Results for Package polywog

Last updated on 2024-06-13 06:58:13 CEST.

Flavor Version Tinstall Tcheck Ttotal Status Flags
r-devel-linux-x86_64-debian-clang 0.4-1 68.05 95.99 164.04 OK
r-devel-linux-x86_64-debian-gcc 0.4-1 0.37 1.56 1.93 ERROR
r-devel-linux-x86_64-fedora-clang 0.4-1 230.27 OK
r-devel-linux-x86_64-fedora-gcc 0.4-1 220.82 OK
r-devel-windows-x86_64 0.4-1 57.00 106.00 163.00 OK
r-patched-linux-x86_64 0.4-1 64.75 90.27 155.02 OK
r-release-linux-x86_64 0.4-1 62.58 90.94 153.52 OK
r-release-macos-arm64 0.4-1 50.00 OK
r-release-macos-x86_64 0.4-1 67.00 OK
r-release-windows-x86_64 0.4-1 58.00 110.00 168.00 OK
r-oldrel-macos-arm64 0.4-1 59.00 OK
r-oldrel-macos-x86_64 0.4-1 97.00 OK
r-oldrel-windows-x86_64 0.4-1 69.00 128.00 197.00 OK

Check Details

Version: 0.4-1
Check: package dependencies
Result: ERROR Package required but not available: ‘stringr’ See section ‘The DESCRIPTION file’ in the ‘Writing R Extensions’ manual. Flavor: r-devel-linux-x86_64-debian-gcc