CRAN Package Check Results for Package popdemo

Last updated on 2022-05-28 05:53:15 CEST.

Flavor Version Tinstall Tcheck Ttotal Status Flags
r-devel-linux-x86_64-debian-clang 1.3-1 14.13 135.28 149.41 OK
r-devel-linux-x86_64-debian-gcc 1.3-1 10.55 99.05 109.60 OK
r-devel-linux-x86_64-fedora-clang 1.3-1 172.18 NOTE
r-devel-linux-x86_64-fedora-gcc 1.3-1 157.70 OK
r-devel-windows-x86_64 1.3-1 46.00 163.00 209.00 NOTE
r-patched-linux-x86_64 1.3-1 12.21 125.72 137.93 OK
r-release-linux-x86_64 1.3-1 12.05 124.80 136.85 OK
r-release-macos-arm64 1.3-1 52.00 NOTE
r-release-macos-x86_64 1.3-1 92.00 NOTE
r-release-windows-x86_64 1.3-1 56.00 154.00 210.00 NOTE
r-oldrel-macos-arm64 1.3-1 72.00 NOTE
r-oldrel-macos-x86_64 1.3-1 72.00 NOTE
r-oldrel-windows-ix86+x86_64 1.3-1 27.00 148.00 175.00 NOTE

Check Details

Version: 1.3-1
Check: installed package size
Result: NOTE
     installed size is 5.4Mb
     sub-directories of 1Mb or more:
     doc 4.9Mb
Flavors: r-devel-linux-x86_64-fedora-clang, r-devel-windows-x86_64, r-release-macos-arm64, r-release-macos-x86_64, r-release-windows-x86_64, r-oldrel-macos-arm64, r-oldrel-macos-x86_64, r-oldrel-windows-ix86+x86_64