CRAN Package Check Results for Package postHoc

Last updated on 2024-06-18 05:57:44 CEST.

Flavor Version Tinstall Tcheck Ttotal Status Flags
r-devel-linux-x86_64-debian-clang 0.1.3 9.83 118.39 128.22 OK
r-devel-linux-x86_64-debian-gcc 0.1.3 7.72 88.54 96.26 OK
r-devel-linux-x86_64-fedora-clang 0.1.3 162.06 OK
r-devel-linux-x86_64-fedora-gcc 0.1.3 167.99 OK
r-devel-windows-x86_64 0.1.3 10.00 105.00 115.00 OK
r-patched-linux-x86_64 0.1.3 7.88 114.39 122.27 OK
r-release-linux-x86_64 0.1.3 10.96 117.68 128.64 OK
r-release-macos-arm64 0.1.3 50.00 OK
r-release-macos-x86_64 0.1.3 80.00 OK
r-release-windows-x86_64 0.1.3 10.00 106.00 116.00 OK
r-oldrel-macos-arm64 0.1.3 53.00 OK
r-oldrel-macos-x86_64 0.1.3 82.00 NOTE
r-oldrel-windows-x86_64 0.1.3 12.00 128.00 140.00 OK

Check Details

Version: 0.1.3
Check: package dependencies
Result: NOTE Package suggested but not available for checking: ‘lme4’ Flavor: r-oldrel-macos-x86_64