Last updated on 2022-05-28 05:53:15 CEST.
Flavor | Version | Tinstall | Tcheck | Ttotal | Status | Flags |
---|---|---|---|---|---|---|
r-devel-linux-x86_64-debian-clang | 0.2.3 | 1.68 | 30.60 | 32.28 | OK | |
r-devel-linux-x86_64-debian-gcc | 0.2.3 | 1.78 | 24.38 | 26.16 | OK | |
r-devel-linux-x86_64-fedora-clang | 0.2.3 | 40.98 | NOTE | |||
r-devel-linux-x86_64-fedora-gcc | 0.2.3 | 29.56 | OK | |||
r-devel-windows-x86_64 | 0.2.3 | 18.00 | 47.00 | 65.00 | OK | |
r-patched-linux-x86_64 | 0.2.3 | 2.44 | 30.16 | 32.60 | OK | |
r-release-linux-x86_64 | 0.2.3 | 2.16 | 30.66 | 32.82 | OK | |
r-release-macos-arm64 | 0.2.3 | 15.00 | OK | |||
r-release-macos-x86_64 | 0.2.3 | 21.00 | OK | |||
r-release-windows-x86_64 | 0.2.3 | 17.00 | 44.00 | 61.00 | OK | |
r-oldrel-macos-arm64 | 0.2.3 | 16.00 | OK | |||
r-oldrel-macos-x86_64 | 0.2.3 | 24.00 | OK | |||
r-oldrel-windows-ix86+x86_64 | 0.2.3 | 6.00 | 40.00 | 46.00 | OK |
Version: 0.2.3
Check: Rd cross-references
Result: NOTE
Undeclared package ‘bslib’ in Rd xrefs
Flavor: r-devel-linux-x86_64-fedora-clang