Last updated on 2023-12-11 05:52:03 CET.
Flavor | Version | Tinstall | Tcheck | Ttotal | Status | Flags |
---|---|---|---|---|---|---|
r-devel-linux-x86_64-debian-clang | 1.3 | 47.44 | 101.36 | 148.80 | OK | |
r-devel-linux-x86_64-debian-gcc | 1.3 | 32.34 | 70.02 | 102.36 | OK | |
r-devel-linux-x86_64-fedora-clang | 1.3 | 195.59 | OK | |||
r-devel-linux-x86_64-fedora-gcc | 1.3 | 191.02 | OK | |||
r-devel-windows-x86_64 | 1.3 | 37.00 | 102.00 | 139.00 | OK | |
r-patched-linux-x86_64 | 1.3 | 44.54 | 92.06 | 136.60 | OK | |
r-release-linux-x86_64 | 1.3 | 38.23 | 91.03 | 129.26 | OK | |
r-release-macos-arm64 | 1.3 | 61.00 | OK | |||
r-release-macos-x86_64 | 1.3 | 182.00 | NOTE | |||
r-release-windows-x86_64 | 1.3 | 47.00 | 123.00 | 170.00 | OK | |
r-oldrel-macos-arm64 | 1.3 | 64.00 | OK | |||
r-oldrel-macos-x86_64 | 1.2 | 123.00 | NOTE | |||
r-oldrel-windows-x86_64 | 1.3 | 46.00 | 122.00 | 168.00 | OK |
Version: 1.3
Check: installed package size
Result: NOTE
installed size is 5.0Mb
sub-directories of 1Mb or more:
libs 3.3Mb
Flavor: r-release-macos-x86_64
Version: 1.2
Check: LazyData
Result: NOTE
'LazyData' is specified without a 'data' directory
Flavor: r-oldrel-macos-x86_64