CRAN Package Check Results for Package ppmlasso

Last updated on 2019-12-09 05:47:24 CET.

Flavor Version Tinstall Tcheck Ttotal Status Flags
r-devel-linux-x86_64-debian-clang 1.1 10.06 100.86 110.92 NOTE
r-devel-linux-x86_64-debian-gcc 1.1 8.16 82.85 91.01 NOTE
r-devel-linux-x86_64-fedora-clang 1.1 135.26 NOTE
r-devel-linux-x86_64-fedora-gcc 1.1 129.30 NOTE
r-devel-windows-ix86+x86_64 1.1 20.00 158.00 178.00 NOTE
r-devel-windows-ix86+x86_64-gcc8 1.1 18.00 158.00 176.00 NOTE
r-patched-linux-x86_64 1.1 8.83 93.91 102.74 NOTE
r-patched-solaris-x86 1.1 211.30 NOTE
r-release-linux-x86_64 1.1 10.31 95.65 105.96 NOTE
r-release-windows-ix86+x86_64 1.1 24.00 114.00 138.00 NOTE
r-release-osx-x86_64 1.1 NOTE
r-oldrel-windows-ix86+x86_64 1.1 10.00 110.00 120.00 NOTE
r-oldrel-osx-x86_64 1.1 NOTE

Check Details

Version: 1.1
Check: R code for possible problems
Result: NOTE
    env.var: no visible global function definition for 'flush.console'
    findres: no visible global function definition for 'as.formula'
    findres: no visible global function definition for 'glm'
    findres: no visible global function definition for 'poisson'
    findres: no visible global function definition for 'plot'
    point.interactions: no visible global function definition for
     'flush.console'
    ppm.ss: no visible global function definition for 'as.formula'
    ppm.ss: no visible global function definition for 'terms'
    ppm.ss: no visible global function definition for 'glm'
    ppm.ss: no visible global function definition for 'poisson'
    ppm.ss: no visible global function definition for 'quasi'
    ppmlasso: no visible global function definition for 'as.formula'
    ppmlasso: no visible global function definition for 'model.frame'
    ppmlasso: no visible global function definition for 'is.empty.model'
    ppmlasso: no visible global function definition for 'model.matrix'
    ppmlasso: no visible binding for global variable 'contrasts'
    ppmlasso: no visible global function definition for 'poisson'
    ppmlasso: no visible global function definition for 'glm'
    ppmlasso: no visible global function definition for 'flush.console'
    predict.ppmlasso: no visible global function definition for
     'as.formula'
    predict.ppmlasso: no visible binding for global variable 'var'
    predict.ppmlasso: no visible global function definition for 'rnorm'
    predict.ppmlasso: no visible global function definition for
     'model.frame'
    predict.ppmlasso: no visible global function definition for
     'is.empty.model'
    predict.ppmlasso: no visible global function definition for
     'model.matrix'
    predict.ppmlasso: no visible binding for global variable 'contrasts'
    predict.ppmlasso: no visible global function definition for 'sd'
    score.int: no visible global function definition for 'glm'
    single.lasso: no visible global function definition for 'flush.console'
    standardise.X: no visible binding for global variable 'sd'
    predict,ppmlasso: no visible global function definition for
     'as.formula'
    predict,ppmlasso: no visible binding for global variable 'var'
    predict,ppmlasso: no visible global function definition for 'rnorm'
    predict,ppmlasso: no visible global function definition for
     'model.frame'
    predict,ppmlasso: no visible global function definition for
     'is.empty.model'
    predict,ppmlasso: no visible global function definition for
     'model.matrix'
    predict,ppmlasso: no visible binding for global variable 'contrasts'
    predict,ppmlasso: no visible global function definition for 'sd'
    Undefined global functions or variables:
     as.formula contrasts flush.console glm is.empty.model model.frame
     model.matrix plot poisson quasi rnorm sd terms var
    Consider adding
     importFrom("graphics", "plot")
     importFrom("stats", "as.formula", "contrasts", "glm", "is.empty.model",
     "model.frame", "model.matrix", "poisson", "quasi", "rnorm",
     "sd", "terms", "var")
     importFrom("utils", "flush.console")
    to your NAMESPACE file.
Flavors: r-devel-linux-x86_64-debian-clang, r-devel-linux-x86_64-debian-gcc, r-devel-linux-x86_64-fedora-clang, r-devel-linux-x86_64-fedora-gcc, r-devel-windows-ix86+x86_64, r-devel-windows-ix86+x86_64-gcc8, r-patched-linux-x86_64, r-patched-solaris-x86, r-release-linux-x86_64, r-release-windows-ix86+x86_64, r-release-osx-x86_64, r-oldrel-windows-ix86+x86_64, r-oldrel-osx-x86_64

Version: 1.1
Check: for non-standard things in the check directory
Result: NOTE
    Found the following files/directories:
     'Quad1.RData' 'Sp Env Data.RData' 'Sp PPM Data.RData'
     'SpEnvData.RData' 'Test.RData' 'TestPPM.RData' 'TestSP.RData'
Flavors: r-devel-linux-x86_64-debian-clang, r-devel-linux-x86_64-debian-gcc, r-devel-linux-x86_64-fedora-clang, r-devel-linux-x86_64-fedora-gcc