CRAN Package Check Results for Package prcr

Last updated on 2022-01-20 05:50:31 CET.

Flavor Version Tinstall Tcheck Ttotal Status Flags
r-devel-linux-x86_64-debian-clang 0.2.1 OK
r-devel-linux-x86_64-debian-gcc 0.2.1 3.99 51.25 55.24 OK
r-devel-linux-x86_64-fedora-clang 0.2.1 86.28 NOTE
r-devel-linux-x86_64-fedora-gcc 0.2.1 73.84 NOTE
r-devel-windows-x86_64-new-UL 0.2.1 33.00 91.00 124.00 OK
r-devel-windows-x86_64-new-TK 0.2.1 NOTE
r-patched-linux-x86_64 0.2.1 3.91 61.90 65.81 OK
r-release-linux-x86_64 0.2.1 OK
r-release-macos-arm64 0.2.1 NOTE
r-release-macos-x86_64 0.2.1 NOTE
r-release-windows-ix86+x86_64 0.2.1 14.00 77.00 91.00 OK
r-oldrel-macos-x86_64 0.2.1 NOTE
r-oldrel-windows-ix86+x86_64 0.2.1 13.00 80.00 93.00 OK

Check Details

Version: 0.2.1
Check: dependencies in R code
Result: NOTE
    Namespaces in Imports field not imported from:
     ‘class’ ‘forcats’ ‘irr’ ‘lpSolve’ ‘purrr’
     All declared Imports should be used.
Flavors: r-devel-linux-x86_64-fedora-clang, r-devel-linux-x86_64-fedora-gcc, r-devel-windows-x86_64-new-TK, r-release-macos-arm64, r-release-macos-x86_64, r-oldrel-macos-x86_64