CRAN Package Check Results for Package predict3d

Last updated on 2021-12-07 05:55:14 CET.

Flavor Version Tinstall Tcheck Ttotal Status Flags
r-devel-linux-x86_64-debian-clang 0.1.3.3 14.62 146.31 160.93 NOTE
r-devel-linux-x86_64-debian-gcc 0.1.3.3 13.30 111.73 125.03 NOTE
r-devel-linux-x86_64-fedora-clang 0.1.3.3 194.64 NOTE
r-devel-linux-x86_64-fedora-gcc 0.1.3.3 180.14 NOTE
r-devel-windows-x86_64-new-UL 0.1.3.3 27.00 185.00 212.00 NOTE
r-devel-windows-x86_64-new-TK 0.1.3.3 NOTE
r-devel-windows-x86_64-old 0.1.3.3 22.00 123.00 145.00 NOTE
r-patched-linux-x86_64 0.1.3.3 13.81 138.24 152.05 NOTE
r-release-linux-x86_64 0.1.3.3 9.51 136.73 146.24 NOTE
r-release-macos-arm64 0.1.3.3 NOTE
r-release-macos-x86_64 0.1.3.3 WARN
r-release-windows-ix86+x86_64 0.1.3.3 26.00 155.00 181.00 NOTE
r-oldrel-macos-x86_64 0.1.3.3 WARN
r-oldrel-windows-ix86+x86_64 0.1.3.3 33.00 163.00 196.00 OK

Check Details

Version: 0.1.3.3
Check: LazyData
Result: NOTE
     'LazyData' is specified without a 'data' directory
Flavors: r-devel-linux-x86_64-debian-clang, r-devel-linux-x86_64-debian-gcc, r-devel-linux-x86_64-fedora-clang, r-devel-linux-x86_64-fedora-gcc, r-devel-windows-x86_64-new-UL, r-devel-windows-x86_64-new-TK, r-devel-windows-x86_64-old, r-patched-linux-x86_64, r-release-linux-x86_64, r-release-macos-arm64, r-release-macos-x86_64, r-release-windows-ix86+x86_64

Version: 0.1.3.3
Check: dependencies in R code
Result: NOTE
    Namespaces in Imports field not imported from:
     ‘TH.data’ ‘moonBook’
     All declared Imports should be used.
Flavors: r-devel-linux-x86_64-fedora-clang, r-devel-linux-x86_64-fedora-gcc, r-devel-windows-x86_64-new-TK, r-release-macos-arm64, r-release-macos-x86_64, r-oldrel-macos-x86_64

Version: 0.1.3.3
Check: re-building of vignette outputs
Result: WARN
    Error(s) in re-building vignettes:
     ...
    --- re-building ‘predict3d.Rmd’ using rmarkdown
    Warning in engine$weave(file, quiet = quiet, encoding = enc) :
     Pandoc (>= 1.12.3) not available. Falling back to R Markdown v1.
    Loading required package: predict3d
    Loading required package: rgl
    Quitting from lines 55-58 (predict3d.Rmd)
    Error: processing vignette 'predict3d.Rmd' failed with diagnostics:
    invalid 'path' argument
    --- failed re-building ‘predict3d.Rmd’
    
    SUMMARY: processing the following file failed:
     ‘predict3d.Rmd’
    
    Error: Vignette re-building failed.
    Execution halted
Flavor: r-release-macos-x86_64

Version: 0.1.3.3
Check: re-building of vignette outputs
Result: WARN
    Error(s) in re-building vignettes:
     ...
    --- re-building ‘predict3d.Rmd’ using rmarkdown
    Warning in engine$weave(file, quiet = quiet, encoding = enc) :
     Pandoc (>= 1.12.3) and/or pandoc-citeproc not available. Falling back to R Markdown v1.
    Loading required package: predict3d
    Loading required package: rgl
    Quitting from lines 55-58 (predict3d.Rmd)
    Error: processing vignette 'predict3d.Rmd' failed with diagnostics:
    cannot open the connection
    --- failed re-building ‘predict3d.Rmd’
    
    SUMMARY: processing the following file failed:
     ‘predict3d.Rmd’
    
    Error: Vignette re-building failed.
    Execution halted
Flavor: r-oldrel-macos-x86_64