CRAN Package Check Results for Package predictrace

Last updated on 2024-06-15 06:49:53 CEST.

Flavor Version Tinstall Tcheck Ttotal Status Flags
r-devel-linux-x86_64-debian-clang 2.0.1 16.00 50.49 66.49 OK
r-devel-linux-x86_64-debian-gcc 2.0.1 14.89 39.43 54.32 OK
r-devel-linux-x86_64-fedora-clang 2.0.1 85.39 OK
r-devel-linux-x86_64-fedora-gcc 2.0.1 94.91 OK
r-devel-windows-x86_64 2.0.1 17.00 60.00 77.00 OK
r-patched-linux-x86_64 2.0.1 16.44 48.65 65.09 OK
r-release-linux-x86_64 2.0.1 14.49 49.37 63.86 OK
r-release-macos-arm64 2.0.1 44.00 NOTE
r-release-macos-x86_64 2.0.1 60.00 NOTE
r-release-windows-x86_64 2.0.1 17.00 62.00 79.00 OK
r-oldrel-macos-arm64 2.0.1 37.00 NOTE
r-oldrel-macos-x86_64 2.0.1 87.00 NOTE
r-oldrel-windows-x86_64 2.0.1 21.00 68.00 89.00 OK

Check Details

Version: 2.0.1
Check: installed package size
Result: NOTE installed size is 5.9Mb sub-directories of 1Mb or more: R 3.0Mb data 2.8Mb Flavors: r-release-macos-arm64, r-release-macos-x86_64, r-oldrel-macos-arm64, r-oldrel-macos-x86_64