CRAN Package Check Results for Package predictrace

Last updated on 2019-07-16 05:48:26 CEST.

Flavor Version Tinstall Tcheck Ttotal Status Flags
r-devel-linux-x86_64-debian-clang 1.0.0 10.91 32.73 43.64 OK
r-devel-linux-x86_64-debian-gcc 1.0.0 10.48 26.50 36.98 OK
r-devel-linux-x86_64-fedora-clang 1.0.0 58.51 NOTE
r-devel-linux-x86_64-fedora-gcc 1.0.0 53.30 NOTE
r-devel-windows-ix86+x86_64 1.0.0 22.00 41.00 63.00 OK
r-patched-linux-x86_64 1.0.0 11.67 31.32 42.99 OK
r-patched-solaris-x86 1.0.0 93.50 NOTE
r-release-linux-x86_64 1.0.0 11.77 31.37 43.14 OK
r-release-windows-ix86+x86_64 1.0.0 20.00 59.00 79.00 OK
r-release-osx-x86_64 1.0.0 NOTE
r-oldrel-windows-ix86+x86_64 1.0.0 19.00 62.00 81.00 OK
r-oldrel-osx-x86_64 1.0.0 NOTE

Check Details

Version: 1.0.0
Check: dependencies in R code
Result: NOTE
    Namespaces in Imports field not imported from:
     ‘here’ ‘tidyr’
     All declared Imports should be used.
Flavors: r-devel-linux-x86_64-fedora-clang, r-devel-linux-x86_64-fedora-gcc, r-patched-solaris-x86, r-release-osx-x86_64, r-oldrel-osx-x86_64