CRAN Package Check Results for Package preprosim

Last updated on 2019-05-22 05:48:31 CEST.

Flavor Version Tinstall Tcheck Ttotal Status Flags
r-devel-linux-x86_64-debian-clang 0.2.0 4.67 178.82 183.49 OK
r-devel-linux-x86_64-debian-gcc 0.2.0 3.58 143.39 146.97 OK
r-devel-linux-x86_64-fedora-clang 0.2.0 221.99 NOTE
r-devel-linux-x86_64-fedora-gcc 0.2.0 205.27 NOTE
r-devel-windows-ix86+x86_64 0.2.0 12.00 237.00 249.00 OK
r-patched-linux-x86_64 0.2.0 4.75 175.31 180.06 OK
r-patched-solaris-x86 0.2.0 321.60 NOTE
r-release-linux-x86_64 0.2.0 4.65 174.01 178.66 OK
r-release-windows-ix86+x86_64 0.2.0 21.00 236.00 257.00 OK
r-release-osx-x86_64 0.2.0 NOTE
r-oldrel-windows-ix86+x86_64 0.2.0 6.00 173.00 179.00 OK
r-oldrel-osx-x86_64 0.2.0 NOTE

Check Details

Version: 0.2.0
Check: dependencies in R code
Result: NOTE
    Namespace in Imports field not imported from: ‘e1071’
     All declared Imports should be used.
Flavors: r-devel-linux-x86_64-fedora-clang, r-devel-linux-x86_64-fedora-gcc, r-patched-solaris-x86, r-release-osx-x86_64, r-oldrel-osx-x86_64