CRAN Package Check Results for Package preprosim

Last updated on 2019-03-26 05:50:45 CET.

Flavor Version Tinstall Tcheck Ttotal Status Flags
r-devel-linux-x86_64-debian-clang 0.2.0 4.39 173.80 178.19 OK
r-devel-linux-x86_64-debian-gcc 0.2.0 3.97 142.03 146.00 OK
r-devel-linux-x86_64-fedora-clang 0.2.0 214.06 NOTE
r-devel-linux-x86_64-fedora-gcc 0.2.0 202.24 NOTE
r-devel-windows-ix86+x86_64 0.2.0 16.00 235.00 251.00 OK
r-patched-linux-x86_64 0.2.0 2.67 173.42 176.09 OK
r-patched-solaris-x86 0.2.0 318.40 NOTE
r-release-linux-x86_64 0.2.0 2.72 178.81 181.53 OK
r-release-windows-ix86+x86_64 0.2.0 10.00 199.00 209.00 OK
r-release-osx-x86_64 0.2.0 NOTE
r-oldrel-windows-ix86+x86_64 0.2.0 7.00 252.00 259.00 OK
r-oldrel-osx-x86_64 0.2.0 NOTE

Check Details

Version: 0.2.0
Check: dependencies in R code
Result: NOTE
    Namespace in Imports field not imported from: ‘e1071’
     All declared Imports should be used.
Flavors: r-devel-linux-x86_64-fedora-clang, r-devel-linux-x86_64-fedora-gcc, r-patched-solaris-x86, r-release-osx-x86_64, r-oldrel-osx-x86_64