CRAN Package Check Results for Package prioritizr

Last updated on 2019-02-23 05:53:48 CET.

Flavor Version Tinstall Tcheck Ttotal Status Flags
r-devel-linux-x86_64-debian-clang 4.0.2 294.59 414.07 708.66 NOTE
r-devel-linux-x86_64-debian-gcc 4.0.2 239.23 303.83 543.06 NOTE
r-devel-linux-x86_64-fedora-clang 4.0.2 1013.45 NOTE
r-devel-linux-x86_64-fedora-gcc 4.0.2 896.34 NOTE
r-devel-windows-ix86+x86_64 4.0.2 782.00 888.00 1670.00 NOTE
r-patched-linux-x86_64 4.0.2 288.87 390.63 679.50 NOTE
r-patched-solaris-x86 4.0.2 1117.10 NOTE
r-release-linux-x86_64 4.0.2 NOTE
r-release-windows-ix86+x86_64 4.0.2 797.00 692.00 1489.00 NOTE
r-release-osx-x86_64 4.0.2 NOTE
r-oldrel-windows-ix86+x86_64 4.0.2 611.00 763.00 1374.00 NOTE
r-oldrel-osx-x86_64 4.0.2 NOTE

Check Details

Version: 4.0.2
Check: package dependencies
Result: NOTE
    Package suggested but not available for checking: ‘gurobi’
Flavors: r-devel-linux-x86_64-debian-clang, r-devel-linux-x86_64-debian-gcc, r-devel-linux-x86_64-fedora-clang, r-devel-linux-x86_64-fedora-gcc, r-devel-windows-ix86+x86_64, r-patched-linux-x86_64, r-release-linux-x86_64, r-release-windows-ix86+x86_64, r-oldrel-windows-ix86+x86_64

Version: 4.0.2
Check: installed package size
Result: NOTE
     installed size is 5.5Mb
     sub-directories of 1Mb or more:
     doc 1.2Mb
     libs 2.6Mb
Flavors: r-devel-windows-ix86+x86_64, r-release-windows-ix86+x86_64, r-oldrel-windows-ix86+x86_64

Version: 4.0.2
Check: package dependencies
Result: NOTE
    Packages suggested but not available for checking:
     ‘gurobi’ ‘lpsymphony’ ‘Rsymphony’
Flavors: r-patched-solaris-x86, r-release-osx-x86_64, r-oldrel-osx-x86_64