CRAN Package Check Results for Package processmapR

Last updated on 2021-11-30 05:53:28 CET.

Flavor Version Tinstall Tcheck Ttotal Status Flags
r-devel-linux-x86_64-debian-clang 0.3.4 26.71 81.20 107.91 NOTE
r-devel-linux-x86_64-debian-gcc 0.3.4 17.95 62.31 80.26 NOTE
r-devel-linux-x86_64-fedora-clang 0.3.4 150.76 NOTE
r-devel-linux-x86_64-fedora-gcc 0.3.4 131.59 NOTE
r-devel-windows-x86_64-new-UL 0.3.4 46.00 154.00 200.00 NOTE
r-devel-windows-x86_64-new-TK 0.3.4 NOTE
r-devel-windows-x86_64-old 0.3.4 40.00 83.00 123.00 NOTE
r-patched-linux-x86_64 0.3.4 24.21 76.33 100.54 NOTE
r-patched-solaris-x86 0.3.4 168.60 NOTE
r-release-linux-x86_64 0.3.4 22.89 76.83 99.72 NOTE
r-release-macos-arm64 0.3.4 NOTE
r-release-macos-x86_64 0.3.4 NOTE
r-release-windows-ix86+x86_64 0.3.4 69.00 104.00 173.00 NOTE
r-oldrel-macos-x86_64 0.3.4 OK
r-oldrel-windows-ix86+x86_64 0.3.4 47.00 112.00 159.00 OK

Check Details

Version: 0.3.4
Check: LazyData
Result: NOTE
     'LazyData' is specified without a 'data' directory
Flavors: r-devel-linux-x86_64-debian-clang, r-devel-linux-x86_64-debian-gcc, r-devel-linux-x86_64-fedora-clang, r-devel-linux-x86_64-fedora-gcc, r-devel-windows-x86_64-new-UL, r-devel-windows-x86_64-new-TK, r-devel-windows-x86_64-old, r-patched-linux-x86_64, r-patched-solaris-x86, r-release-linux-x86_64, r-release-macos-arm64, r-release-macos-x86_64, r-release-windows-ix86+x86_64

Version: 0.3.4
Check: package dependencies
Result: NOTE
    Imports includes 21 non-default packages.
    Importing from so many packages makes the package vulnerable to any of
    them becoming unavailable. Move as many as possible to Suggests and
    use conditionally.
Flavor: r-devel-linux-x86_64-fedora-clang