Last updated on 2022-08-19 05:52:58 CEST.
Flavor | Version | Tinstall | Tcheck | Ttotal | Status | Flags |
---|---|---|---|---|---|---|
r-devel-linux-x86_64-debian-clang | 2.1.2 | 50.76 | 209.10 | 259.86 | NOTE | |
r-devel-linux-x86_64-debian-gcc | 2.1.2 | 41.93 | 153.64 | 195.57 | NOTE | |
r-devel-linux-x86_64-fedora-clang | 2.1.2 | 331.75 | NOTE | |||
r-devel-linux-x86_64-fedora-gcc | 2.1.2 | 323.81 | NOTE | |||
r-devel-windows-x86_64 | 2.1.2 | 8.00 | 8.00 | 16.00 | ERROR | |
r-patched-linux-x86_64 | 2.1.2 | 45.37 | 194.63 | 240.00 | OK | |
r-release-linux-x86_64 | 2.1.2 | OK | ||||
r-release-macos-arm64 | 2.1.2 | 93.00 | OK | |||
r-release-macos-x86_64 | 2.1.2 | 125.00 | OK | |||
r-release-windows-x86_64 | 2.1.2 | 15.00 | 7.00 | 22.00 | ERROR | |
r-oldrel-macos-arm64 | 2.1.2 | 82.00 | OK | |||
r-oldrel-macos-x86_64 | 2.1.2 | 124.00 | OK | |||
r-oldrel-windows-ix86+x86_64 | 2.1.2 | 115.00 | 347.00 | 462.00 | OK |
Version: 2.1.2
Check: HTML version of manual
Result: NOTE
Found the following HTML validation problems:
refmodel-init-get.html:313:36: Warning: inserting implicit <p>
refmodel-init-get.html:313:36: Warning: trimming empty <p>
Flavor: r-devel-linux-x86_64-debian-clang
Version: 2.1.2
Check: HTML version of manual
Result: NOTE
Found the following HTML validation problems:
refmodel-init-get.html:313:36: Warning: inserting implicit <p>
Flavors: r-devel-linux-x86_64-debian-gcc, r-devel-linux-x86_64-fedora-clang, r-devel-linux-x86_64-fedora-gcc
Version: 2.1.2
Check: whether package can be installed
Result: ERROR
Installation failed.
Flavors: r-devel-windows-x86_64, r-release-windows-x86_64