CRAN Package Check Results for Package prophet

Last updated on 2020-11-27 05:49:05 CET.

Flavor Version Tinstall Tcheck Ttotal Status Flags
r-devel-linux-x86_64-debian-clang 0.6.1 144.90 293.06 437.96 NOTE
r-devel-linux-x86_64-debian-gcc 0.6.1 229.22 256.83 486.05 NOTE
r-devel-linux-x86_64-fedora-clang 0.6.1 528.66 NOTE
r-devel-linux-x86_64-fedora-gcc 0.6.1 567.41 NOTE
r-devel-windows-ix86+x86_64 0.6.1 307.00 6.00 313.00 ERROR
r-patched-linux-x86_64 0.6.1 195.91 346.29 542.20 NOTE
r-patched-solaris-x86 0.6.1 302.30 NOTE --no-tests
r-release-linux-x86_64 0.6.1 0.68 8.33 9.01 ERROR
r-release-macos-x86_64 0.6.1 NOTE
r-release-windows-ix86+x86_64 0.6.1 301.00 6.00 307.00 ERROR
r-oldrel-macos-x86_64 0.6.1 NOTE
r-oldrel-windows-ix86+x86_64 0.6.1 217.00 7.00 224.00 ERROR

Check Details

Version: 0.6.1
Check: for GNU extensions in Makefiles
Result: NOTE
    GNU make is a SystemRequirements.
Flavors: r-devel-linux-x86_64-debian-clang, r-devel-linux-x86_64-debian-gcc, r-devel-linux-x86_64-fedora-clang, r-devel-linux-x86_64-fedora-gcc, r-patched-linux-x86_64, r-release-macos-x86_64, r-oldrel-macos-x86_64

Version: 0.6.1
Check: installed package size
Result: NOTE
     installed size is 34.1Mb
     sub-directories of 1Mb or more:
     libs 33.5Mb
Flavors: r-devel-linux-x86_64-fedora-clang, r-release-macos-x86_64, r-oldrel-macos-x86_64

Version: 0.6.1
Check: dependencies in R code
Result: NOTE
    Namespaces in Imports field not imported from:
     ‘methods’ ‘rstantools’
     All declared Imports should be used.
Flavors: r-devel-linux-x86_64-fedora-clang, r-devel-linux-x86_64-fedora-gcc, r-release-macos-x86_64, r-oldrel-macos-x86_64

Version: 0.6.1
Check: whether package can be installed
Result: ERROR
    Installation failed.
Flavors: r-devel-windows-ix86+x86_64, r-release-linux-x86_64, r-release-windows-ix86+x86_64, r-oldrel-windows-ix86+x86_64

Version: 0.6.1
Flags: --no-tests
Check: dependencies in R code
Result: NOTE
    Namespaces in Imports field not imported from:
     ‘methods’ ‘rstantools’
     All declared Imports should be used.
Flavor: r-patched-solaris-x86

Version: 0.6.1
Flags: --no-tests
Check: for GNU extensions in Makefiles
Result: NOTE
    GNU make is a SystemRequirements.
Flavor: r-patched-solaris-x86