CRAN Package Check Results for Package protoshiny

Last updated on 2024-07-19 06:50:23 CEST.

Flavor Version Tinstall Tcheck Ttotal Status Flags
r-devel-linux-x86_64-debian-clang 0.1.0 6.16 48.77 54.93 OK
r-devel-linux-x86_64-debian-gcc 0.1.0 4.18 37.69 41.87 OK
r-devel-linux-x86_64-fedora-clang 0.1.0 66.69 OK
r-devel-linux-x86_64-fedora-gcc 0.1.0 63.45 OK
r-devel-windows-x86_64 0.1.0 8.00 59.00 67.00 NOTE
r-patched-linux-x86_64 0.1.0 9.98 46.67 56.65 OK
r-release-linux-x86_64 0.1.0 5.11 45.86 50.97 OK
r-release-macos-arm64 0.1.0 24.00 OK
r-release-macos-x86_64 0.1.0 34.00 OK
r-release-windows-x86_64 0.1.0 7.00 57.00 64.00 OK
r-oldrel-macos-arm64 0.1.0 24.00 OK
r-oldrel-macos-x86_64 0.1.0 34.00 OK
r-oldrel-windows-x86_64 0.1.0 8.00 64.00 72.00 OK

Check Details

Version: 0.1.0
Check: Rd cross-references
Result: NOTE Found the following Rd file(s) with Rd \link{} targets missing package anchors: as.protoclust.Rd: protoclust Please provide package anchors for all Rd \link{} targets not in the package itself and the base packages. Flavor: r-devel-windows-x86_64