CRAN Package Check Results for Package psrwe

Last updated on 2020-12-02 05:48:14 CET.

Flavor Version Tinstall Tcheck Ttotal Status Flags
r-devel-linux-x86_64-debian-clang 1.2 427.53 139.54 567.07 NOTE
r-devel-linux-x86_64-debian-gcc 1.2 309.97 117.35 427.32 NOTE
r-devel-linux-x86_64-fedora-clang 1.2 669.83 NOTE
r-devel-linux-x86_64-fedora-gcc 1.2 699.60 NOTE
r-devel-windows-ix86+x86_64 1.2 783.00 206.00 989.00 NOTE
r-patched-linux-x86_64 1.2 270.58 150.24 420.82 NOTE
r-patched-solaris-x86 1.2 662.90 NOTE
r-release-linux-x86_64 1.2 258.76 146.16 404.92 NOTE
r-release-macos-x86_64 1.2 NOTE
r-release-windows-ix86+x86_64 1.2 585.00 210.00 795.00 NOTE
r-oldrel-macos-x86_64 1.2 ERROR

Check Details

Version: 1.2
Check: for GNU extensions in Makefiles
Result: NOTE
    GNU make is a SystemRequirements.
Flavors: r-devel-linux-x86_64-debian-clang, r-devel-linux-x86_64-debian-gcc, r-devel-linux-x86_64-fedora-clang, r-devel-linux-x86_64-fedora-gcc, r-devel-windows-ix86+x86_64, r-patched-linux-x86_64, r-patched-solaris-x86, r-release-linux-x86_64, r-release-macos-x86_64, r-release-windows-ix86+x86_64

Version: 1.2
Check: installed package size
Result: NOTE
     installed size is 59.8Mb
     sub-directories of 1Mb or more:
     libs 59.1Mb
Flavors: r-devel-linux-x86_64-fedora-clang, r-devel-windows-ix86+x86_64, r-release-macos-x86_64, r-release-windows-ix86+x86_64

Version: 1.2
Check: whether package can be installed
Result: ERROR
    Installation failed.
Flavor: r-oldrel-macos-x86_64