CRAN Package Check Results for Package psychmeta

Last updated on 2022-12-08 06:56:50 CET.

Flavor Version Tinstall Tcheck Ttotal Status Flags
r-devel-linux-x86_64-debian-clang 2.6.5 55.94 448.03 503.97 OK
r-devel-linux-x86_64-debian-gcc 2.6.5 46.52 749.50 796.02 OK
r-devel-linux-x86_64-fedora-clang 2.6.5 623.92 OK
r-devel-linux-x86_64-fedora-gcc 2.6.5 612.97 OK
r-devel-windows-x86_64 2.6.5 241.00 0.00 241.00 FAIL
r-patched-linux-x86_64 2.6.5 49.79 412.32 462.11 OK
r-release-linux-x86_64 2.6.5 51.82 406.38 458.20 OK
r-release-macos-arm64 2.6.5 155.00 OK
r-release-macos-x86_64 2.6.5 209.00 OK
r-release-windows-x86_64 2.6.5 131.00 438.00 569.00 OK
r-oldrel-macos-arm64 2.6.5 162.00 OK
r-oldrel-macos-x86_64 2.6.5 217.00 OK
r-oldrel-windows-ix86+x86_64 2.6.5 96.00 454.00 550.00 OK

Check Details

Version: 2.6.5
Check: HTML version of manual
Result: FAIL
    Check process probably crashed or hung up for 20 minutes ... killed
    Most likely this happened in the example checks (?),
    if not, ignore the following last lines of example output:
    > ### Aliases: wt_dist wt_mean wt_var
    > ### Keywords: univar
    >
    > ### ** Examples
    >
    > wt_dist(x = c(.1, .3, .5), wt = c(100, 200, 300))
     mean var
    0.36666667 0.03333333
    > wt_mean(x = c(.1, .3, .5), wt = c(100, 200, 300))
    [1] 0.3666667
    > wt_var(x = c(.1, .3, .5), wt = c(100, 200, 300))
    [1] 0.03333333
    >
    >
    >
    > ### * <FOOTER>
    > ###
    > cleanEx()
    > options(digits = 7L)
    > base::cat("Time elapsed: ", proc.time() - base::get("ptime", pos = 'CheckExEnv'),"\n")
    Time elapsed: 390.04 1.97 393.95 NA NA
    > grDevices::dev.off()
    null device
     1
    > ###
    > ### Local variables: ***
    > ### mode: outline-minor ***
    > ### outline-regexp: "\\(> \\)?### [*]+" ***
    > ### End: ***
    > quit('no')
    ======== End of example output (where/before crash/hang up occured ?) ========
Flavor: r-devel-windows-x86_64