CRAN Package Check Results for Package psychotools

Last updated on 2019-03-20 05:49:15 CET.

Flavor Version Tinstall Tcheck Ttotal Status Flags
r-devel-linux-x86_64-debian-clang 0.5-0 13.34 133.30 146.64 OK
r-devel-linux-x86_64-debian-gcc 0.5-0 10.77 100.86 111.63 OK
r-devel-linux-x86_64-fedora-clang 0.5-0 186.28 OK
r-devel-linux-x86_64-fedora-gcc 0.5-0 167.68 OK
r-devel-windows-ix86+x86_64 0.5-0 34.00 213.00 247.00 OK
r-patched-linux-x86_64 0.5-0 11.77 126.03 137.80 OK
r-patched-solaris-x86 0.5-0 219.40 OK
r-release-linux-x86_64 0.5-0 10.95 125.33 136.28 OK
r-release-windows-ix86+x86_64 0.5-0 25.00 287.00 312.00 OK
r-release-osx-x86_64 0.5-0 OK
r-oldrel-windows-ix86+x86_64 0.5-0 9.00 305.00 314.00 WARN
r-oldrel-osx-x86_64 0.5-0 WARN

Check Details

Version: 0.5-0
Check: for code/documentation mismatches
Result: WARN
    Functions or methods with usage in documentation object 'ConspiracistBeliefs2016' but not in code:
     data
    
    Functions or methods with usage in documentation object 'Sim3PL' but not in code:
     data
Flavors: r-oldrel-windows-ix86+x86_64, r-oldrel-osx-x86_64

Version: 0.5-0
Check: Rd \usage sections
Result: WARN
    Undocumented arguments in documentation object 'ConspiracistBeliefs2016'
     'ConspiracistBeliefs2016' 'package'
    Objects in \usage without \alias in documentation object 'ConspiracistBeliefs2016':
     'data'
    
    Undocumented arguments in documentation object 'Sim3PL'
     'Sim3PL' 'package'
    Objects in \usage without \alias in documentation object 'Sim3PL':
     'data'
    
    Functions with \usage entries need to have the appropriate \alias
    entries, and all their arguments documented.
    The \usage entries must correspond to syntactically valid R code.
    See chapter 'Writing R documentation files' in the 'Writing R
    Extensions' manual.
Flavors: r-oldrel-windows-ix86+x86_64, r-oldrel-osx-x86_64