CRAN Package Check Results for Package ptsuite

Last updated on 2022-08-16 05:54:08 CEST.

Flavor Version Tinstall Tcheck Ttotal Status Flags
r-devel-linux-x86_64-debian-clang 1.0.0 20.68 52.03 72.71 NOTE
r-devel-linux-x86_64-debian-gcc 1.0.0 16.11 39.95 56.06 NOTE
r-devel-linux-x86_64-fedora-clang 1.0.0 105.17 NOTE
r-devel-linux-x86_64-fedora-gcc 1.0.0 100.87 NOTE
r-devel-windows-x86_64 1.0.0 31.00 138.00 169.00 NOTE
r-patched-linux-x86_64 1.0.0 17.23 48.46 65.69 NOTE
r-release-linux-x86_64 1.0.0 16.96 49.41 66.37 NOTE
r-release-macos-arm64 1.0.0 37.00 NOTE
r-release-macos-x86_64 1.0.0 45.00 NOTE
r-release-windows-x86_64 1.0.0 29.00 134.00 163.00 NOTE
r-oldrel-macos-arm64 1.0.0 40.00 NOTE
r-oldrel-macos-x86_64 1.0.0 68.00 NOTE
r-oldrel-windows-ix86+x86_64 1.0.0 53.00 100.00 153.00 NOTE

Check Details

Version: 1.0.0
Check: LazyData
Result: NOTE
     'LazyData' is specified without a 'data' directory
Flavors: r-devel-linux-x86_64-debian-clang, r-devel-linux-x86_64-debian-gcc, r-devel-linux-x86_64-fedora-clang, r-devel-linux-x86_64-fedora-gcc, r-devel-windows-x86_64, r-patched-linux-x86_64, r-release-linux-x86_64, r-release-macos-arm64, r-release-macos-x86_64, r-release-windows-x86_64, r-oldrel-macos-arm64, r-oldrel-macos-x86_64, r-oldrel-windows-ix86+x86_64