CRAN Package Check Results for Package publipha

Last updated on 2020-11-28 05:51:15 CET.

Flavor Version Tinstall Tcheck Ttotal Status Flags
r-devel-linux-x86_64-debian-clang 0.1.1 345.02 107.32 452.34 NOTE
r-devel-linux-x86_64-debian-gcc 0.1.1 548.68 92.20 640.88 NOTE
r-devel-linux-x86_64-fedora-clang 0.1.1 607.78 NOTE
r-devel-linux-x86_64-fedora-gcc 0.1.1 639.41 NOTE
r-devel-windows-ix86+x86_64 0.1.1 724.00 163.00 887.00 NOTE
r-patched-linux-x86_64 0.1.1 1.17 8.01 9.18 ERROR
r-patched-solaris-x86 0.1.1 582.20 NOTE
r-release-linux-x86_64 0.1.1 468.43 121.98 590.41 NOTE
r-release-macos-x86_64 0.1.1 NOTE
r-release-windows-ix86+x86_64 0.1.1 530.00 184.00 714.00 NOTE
r-oldrel-macos-x86_64 0.1.1 NOTE
r-oldrel-windows-ix86+x86_64 0.1.1 554.00 200.00 754.00 NOTE

Check Details

Version: 0.1.1
Check: for GNU extensions in Makefiles
Result: NOTE
    GNU make is a SystemRequirements.
Flavors: r-devel-linux-x86_64-debian-clang, r-devel-linux-x86_64-debian-gcc, r-devel-linux-x86_64-fedora-clang, r-devel-linux-x86_64-fedora-gcc, r-devel-windows-ix86+x86_64, r-patched-solaris-x86, r-release-linux-x86_64, r-release-macos-x86_64, r-release-windows-ix86+x86_64, r-oldrel-macos-x86_64, r-oldrel-windows-ix86+x86_64

Version: 0.1.1
Check: installed package size
Result: NOTE
     installed size is 58.1Mb
     sub-directories of 1Mb or more:
     libs 57.7Mb
Flavors: r-devel-linux-x86_64-fedora-clang, r-devel-windows-ix86+x86_64, r-release-macos-x86_64, r-release-windows-ix86+x86_64, r-oldrel-macos-x86_64, r-oldrel-windows-ix86+x86_64

Version: 0.1.1
Check: data for non-ASCII characters
Result: NOTE
     Note: found 35 marked UTF-8 strings
Flavors: r-devel-linux-x86_64-fedora-clang, r-devel-linux-x86_64-fedora-gcc, r-patched-solaris-x86, r-release-macos-x86_64, r-oldrel-macos-x86_64

Version: 0.1.1
Check: whether package can be installed
Result: ERROR
    Installation failed.
Flavor: r-patched-linux-x86_64