CRAN Package Check Results for Package puls

Last updated on 2024-06-13 06:58:14 CEST.

Flavor Version Tinstall Tcheck Ttotal Status Flags
r-devel-linux-x86_64-debian-clang 0.1.2 6.67 78.71 85.38 OK
r-devel-linux-x86_64-debian-gcc 0.1.2 0.40 1.85 2.25 ERROR
r-devel-linux-x86_64-fedora-clang 0.1.2 105.96 OK
r-devel-linux-x86_64-fedora-gcc 0.1.2 112.15 OK
r-devel-windows-x86_64 0.1.2 6.00 79.00 85.00 OK
r-patched-linux-x86_64 0.1.2 13.50 75.54 89.04 OK
r-release-linux-x86_64 0.1.2 4.41 74.86 79.27 OK
r-release-macos-arm64 0.1.2 38.00 OK
r-release-macos-x86_64 0.1.2 56.00 OK
r-release-windows-x86_64 0.1.2 7.00 79.00 86.00 OK
r-oldrel-macos-arm64 0.1.2 41.00 OK
r-oldrel-macos-x86_64 0.1.2 61.00 OK
r-oldrel-windows-x86_64 0.1.2 7.00 91.00 98.00 OK

Check Details

Version: 0.1.2
Check: package dependencies
Result: ERROR Packages required but not available: 'dplyr', 'fda', 'fda.usc', 'ggplot2', 'monoClust', 'purrr', 'tibble', 'tidyr' Packages suggested but not available for checking: 'lubridate', 'testthat', 'vdiffr' See section ‘The DESCRIPTION file’ in the ‘Writing R Extensions’ manual. Flavor: r-devel-linux-x86_64-debian-gcc