CRAN Package Check Results for Package puzzle

Last updated on 2022-01-17 05:51:18 CET.

Flavor Version Tinstall Tcheck Ttotal Status Flags
r-devel-linux-x86_64-debian-clang 0.0.1 3.84 38.95 42.79 OK
r-devel-linux-x86_64-debian-gcc 0.0.1 2.97 29.59 32.56 OK
r-devel-linux-x86_64-fedora-clang 0.0.1 50.97 NOTE
r-devel-linux-x86_64-fedora-gcc 0.0.1 40.93 NOTE
r-devel-windows-x86_64-new-UL 0.0.1 46.00 60.00 106.00 OK
r-devel-windows-x86_64-new-TK 0.0.1 NOTE
r-patched-linux-x86_64 0.0.1 3.75 36.39 40.14 OK
r-release-linux-x86_64 0.0.1 OK
r-release-macos-arm64 0.0.1 NOTE
r-release-macos-x86_64 0.0.1 NOTE
r-release-windows-ix86+x86_64 0.0.1 9.00 47.00 56.00 OK
r-oldrel-macos-x86_64 0.0.1 NOTE
r-oldrel-windows-ix86+x86_64 0.0.1 9.00 45.00 54.00 OK

Check Details

Version: 0.0.1
Check: dependencies in R code
Result: NOTE
    Namespaces in Imports field not imported from:
     ‘kableExtra’ ‘readr’ ‘tidyverse’
     All declared Imports should be used.
Flavors: r-devel-linux-x86_64-fedora-clang, r-devel-linux-x86_64-fedora-gcc, r-devel-windows-x86_64-new-TK, r-release-macos-arm64, r-release-macos-x86_64, r-oldrel-macos-x86_64