CRAN Package Check Results for Package qdapTools

Last updated on 2022-10-06 05:59:36 CEST.

Flavor Version Tinstall Tcheck Ttotal Status Flags
r-devel-linux-x86_64-debian-clang 1.3.5 5.39 52.58 57.97 NOTE
r-devel-linux-x86_64-debian-gcc 1.3.5 3.78 38.22 42.00 NOTE
r-devel-linux-x86_64-fedora-clang 1.3.5 79.19 NOTE
r-devel-linux-x86_64-fedora-gcc 1.3.5 73.63 NOTE
r-devel-windows-x86_64 1.3.5 30.00 75.00 105.00 NOTE
r-patched-linux-x86_64 1.3.5 5.36 48.20 53.56 NOTE
r-release-linux-x86_64 1.3.5 4.95 46.82 51.77 NOTE
r-release-macos-arm64 1.3.5 24.00 NOTE
r-release-macos-x86_64 1.3.5 33.00 NOTE
r-release-windows-x86_64 1.3.5 37.00 73.00 110.00 NOTE
r-oldrel-macos-arm64 1.3.5 29.00 NOTE
r-oldrel-macos-x86_64 1.3.5 43.00 NOTE
r-oldrel-windows-ix86+x86_64 1.3.5 10.00 74.00 84.00 NOTE

Check Details

Version: 1.3.5
Check: LazyData
Result: NOTE
     'LazyData' is specified without a 'data' directory
Flavors: r-devel-linux-x86_64-debian-clang, r-devel-linux-x86_64-debian-gcc, r-devel-linux-x86_64-fedora-clang, r-devel-linux-x86_64-fedora-gcc, r-devel-windows-x86_64, r-patched-linux-x86_64, r-release-linux-x86_64, r-release-macos-arm64, r-release-macos-x86_64, r-release-windows-x86_64, r-oldrel-macos-arm64, r-oldrel-macos-x86_64, r-oldrel-windows-ix86+x86_64