CRAN Package Check Results for Package qmix

Last updated on 2020-12-02 05:48:14 CET.

Flavor Version Tinstall Tcheck Ttotal Status Flags
r-devel-linux-x86_64-debian-clang 0.1.2.0 862.87 110.40 973.27 NOTE
r-devel-linux-x86_64-debian-gcc 0.1.2.0 578.92 111.36 690.28 NOTE
r-devel-linux-x86_64-fedora-clang 0.1.2.0 1110.30 NOTE
r-devel-linux-x86_64-fedora-gcc 0.1.2.0 1183.77 NOTE
r-devel-windows-ix86+x86_64 0.1.2.0 1486.00 211.00 1697.00 NOTE
r-patched-linux-x86_64 0.1.2.0 523.38 137.78 661.16 NOTE
r-patched-solaris-x86 0.1.2.0 1011.90 NOTE
r-release-linux-x86_64 0.1.2.0 503.03 137.55 640.58 NOTE
r-release-macos-x86_64 0.1.2.0 NOTE
r-release-windows-ix86+x86_64 0.1.2.0 1046.00 214.00 1260.00 NOTE
r-oldrel-macos-x86_64 0.1.2.0 NOTE
r-oldrel-windows-ix86+x86_64 0.1.2.0 1202.00 232.00 1434.00 NOTE

Check Details

Version: 0.1.2.0
Check: for GNU extensions in Makefiles
Result: NOTE
    GNU make is a SystemRequirements.
Flavors: r-devel-linux-x86_64-debian-clang, r-devel-linux-x86_64-debian-gcc, r-devel-linux-x86_64-fedora-clang, r-devel-linux-x86_64-fedora-gcc, r-devel-windows-ix86+x86_64, r-patched-linux-x86_64, r-patched-solaris-x86, r-release-linux-x86_64, r-release-macos-x86_64, r-release-windows-ix86+x86_64, r-oldrel-macos-x86_64, r-oldrel-windows-ix86+x86_64

Version: 0.1.2.0
Check: installed package size
Result: NOTE
     installed size is 103.2Mb
     sub-directories of 1Mb or more:
     libs 102.8Mb
Flavors: r-devel-linux-x86_64-fedora-clang, r-devel-windows-ix86+x86_64, r-patched-solaris-x86, r-release-macos-x86_64, r-release-windows-ix86+x86_64, r-oldrel-macos-x86_64, r-oldrel-windows-ix86+x86_64