CRAN Package Check Results for Package qrng

Last updated on 2020-09-22 05:51:00 CEST.

Flavor Version Tinstall Tcheck Ttotal Status Flags
r-devel-linux-x86_64-debian-clang 0.0-7 9.22 66.90 76.12 OK
r-devel-linux-x86_64-debian-gcc 0.0-7 0.36 1.89 2.25 ERROR
r-devel-linux-x86_64-fedora-clang 0.0-7 107.82 OK
r-devel-linux-x86_64-fedora-gcc 0.0-7 97.00 OK
r-devel-windows-ix86+x86_64 0.0-7 29.00 97.00 126.00 OK
r-patched-linux-x86_64 0.0-7 9.79 65.54 75.33 OK
r-patched-solaris-x86 0.0-7 147.00 OK
r-release-linux-x86_64 0.0-7 9.77 65.87 75.64 OK
r-release-macos-x86_64 0.0-7 OK
r-release-windows-ix86+x86_64 0.0-7 28.00 87.00 115.00 OK
r-oldrel-macos-x86_64 0.0-7 OK
r-oldrel-windows-ix86+x86_64 0.0-7 23.00 105.00 128.00 OK

Check Details

Version: 0.0-7
Check: whether package can be installed
Result: ERROR
    Installation failed.
Flavor: r-devel-linux-x86_64-debian-gcc