CRAN Package Check Results for Package qtl2

Last updated on 2020-11-28 05:51:15 CET.

Flavor Version Tinstall Tcheck Ttotal Status Flags
r-devel-linux-x86_64-debian-clang 0.22-11 1080.82 223.43 1304.25 OK
r-devel-linux-x86_64-debian-gcc 0.22-11 1000.54 168.10 1168.64 OK
r-devel-linux-x86_64-fedora-clang 0.22-11 1512.60 NOTE
r-devel-linux-x86_64-fedora-gcc 0.22-11 1307.22 OK
r-devel-windows-ix86+x86_64 0.22-11 1843.00 424.00 2267.00 NOTE
r-patched-linux-x86_64 0.22-11 1221.59 218.90 1440.49 OK
r-patched-solaris-x86 0.22-11 1058.40 NOTE
r-release-linux-x86_64 0.22-11 1212.26 220.63 1432.89 OK
r-release-macos-x86_64 0.22-11 NOTE
r-release-windows-ix86+x86_64 0.22-11 1752.00 349.00 2101.00 NOTE
r-oldrel-macos-x86_64 0.22-11 WARN
r-oldrel-windows-ix86+x86_64 0.22-11 1572.00 418.00 1990.00 WARN

Additional issues

clang-UBSAN

Check Details

Version: 0.22-11
Check: installed package size
Result: NOTE
     installed size is 50.4Mb
     sub-directories of 1Mb or more:
     extdata 3.3Mb
     libs 45.8Mb
Flavors: r-devel-linux-x86_64-fedora-clang, r-devel-windows-ix86+x86_64, r-patched-solaris-x86, r-release-macos-x86_64, r-release-windows-ix86+x86_64, r-oldrel-macos-x86_64, r-oldrel-windows-ix86+x86_64

Version: 0.22-11
Check: R code for possible problems
Result: NOTE
    plot_genes : plot_genes_internal: no visible global function definition
     for ‘plot’
    plot_onegeno : plot_onegeno_internal: no visible global function
     definition for ‘plot’
    plot_peaks : plot_peaks_internal: no visible global function definition
     for ‘plot’
    plot_pxg : plot_pxg_internal: no visible global function definition for
     ‘plot’
    plot_scan1 : plot_scan1_internal: no visible global function definition
     for ‘plot’
    Undefined global functions or variables:
     plot
    Consider adding
     importFrom("graphics", "plot")
    to your NAMESPACE file.
Flavors: r-oldrel-macos-x86_64, r-oldrel-windows-ix86+x86_64

Version: 0.22-11
Check: Rd cross-references
Result: WARN
    Missing link or links in documentation object 'plot_genes.Rd':
     ‘[base:plot]{base::plot()}’
    
    Missing link or links in documentation object 'plot_pxg.Rd':
     ‘[base:plot]{base::plot()}’
    
    See section 'Cross-references' in the 'Writing R Extensions' manual.
Flavors: r-oldrel-macos-x86_64, r-oldrel-windows-ix86+x86_64