CRAN Package Check Results for Package qtl2pleio

Last updated on 2024-07-16 05:56:00 CEST.

Flavor Version Tinstall Tcheck Ttotal Status Flags
r-devel-linux-x86_64-debian-clang 1.4.3 124.17 122.70 246.87 NOTE
r-devel-linux-x86_64-debian-gcc 1.4.3 82.77 91.06 173.83 NOTE
r-devel-linux-x86_64-fedora-clang 1.4.3 317.70 NOTE
r-devel-linux-x86_64-fedora-gcc 1.4.3 378.30 NOTE
r-devel-windows-x86_64 1.4.3 92.00 131.00 223.00 NOTE
r-patched-linux-x86_64 1.4.3 99.50 128.29 227.79 NOTE
r-release-linux-x86_64 1.4.3 103.98 126.20 230.18 NOTE
r-release-macos-arm64 1.4.3 75.00 NOTE
r-release-macos-x86_64 1.4.3 107.00 NOTE
r-release-windows-x86_64 1.4.3 86.00 128.00 214.00 NOTE
r-oldrel-macos-arm64 1.4.3 83.00 NOTE
r-oldrel-macos-x86_64 1.4.3 140.00 NOTE
r-oldrel-windows-x86_64 1.4.3 105.00 162.00 267.00 NOTE

Check Details

Version: 1.4.3
Check: LazyData
Result: NOTE 'LazyData' is specified without a 'data' directory Flavors: r-devel-linux-x86_64-debian-clang, r-devel-linux-x86_64-debian-gcc, r-devel-linux-x86_64-fedora-clang, r-devel-linux-x86_64-fedora-gcc, r-devel-windows-x86_64, r-patched-linux-x86_64, r-release-linux-x86_64, r-release-macos-arm64, r-release-macos-x86_64, r-release-windows-x86_64, r-oldrel-macos-arm64, r-oldrel-macos-x86_64, r-oldrel-windows-x86_64

Version: 1.4.3
Check: installed package size
Result: NOTE installed size is 27.2Mb sub-directories of 1Mb or more: libs 26.9Mb Flavors: r-release-macos-arm64, r-release-macos-x86_64, r-oldrel-macos-arm64, r-oldrel-macos-x86_64