CRAN Package Check Results for Package qtl2pleio

Last updated on 2022-08-19 05:52:58 CEST.

Flavor Version Tinstall Tcheck Ttotal Status Flags
r-devel-linux-x86_64-debian-clang 1.4.3 86.34 124.64 210.98 NOTE
r-devel-linux-x86_64-debian-gcc 1.4.3 68.14 89.57 157.71 NOTE
r-devel-linux-x86_64-fedora-clang 1.4.3 274.38 NOTE
r-devel-linux-x86_64-fedora-gcc 1.4.3 272.28 NOTE
r-devel-windows-x86_64 1.4.3 83.00 175.00 258.00 NOTE
r-patched-linux-x86_64 1.4.3 74.86 117.78 192.64 NOTE
r-release-linux-x86_64 1.4.3 NOTE
r-release-macos-arm64 1.4.3 69.00 NOTE
r-release-macos-x86_64 1.4.3 120.00 NOTE
r-release-windows-x86_64 1.4.3 92.00 179.00 271.00 NOTE
r-oldrel-macos-arm64 1.4.3 77.00 NOTE
r-oldrel-macos-x86_64 1.4.3 98.00 NOTE
r-oldrel-windows-ix86+x86_64 1.4.3 199.00 274.00 473.00 NOTE

Check Details

Version: 1.4.3
Check: LazyData
Result: NOTE
     'LazyData' is specified without a 'data' directory
Flavors: r-devel-linux-x86_64-debian-clang, r-devel-linux-x86_64-debian-gcc, r-devel-linux-x86_64-fedora-clang, r-devel-linux-x86_64-fedora-gcc, r-devel-windows-x86_64, r-patched-linux-x86_64, r-release-linux-x86_64, r-release-macos-arm64, r-release-macos-x86_64, r-release-windows-x86_64, r-oldrel-macos-arm64, r-oldrel-macos-x86_64, r-oldrel-windows-ix86+x86_64

Version: 1.4.3
Check: installed package size
Result: NOTE
     installed size is 16.7Mb
     sub-directories of 1Mb or more:
     libs 16.4Mb
Flavors: r-release-macos-arm64, r-release-macos-x86_64, r-oldrel-macos-arm64, r-oldrel-macos-x86_64