CRAN Package Check Results for Package qtlnet

Last updated on 2024-06-13 06:58:14 CEST.

Flavor Version Tinstall Tcheck Ttotal Status Flags
r-devel-linux-x86_64-debian-clang 1.5.4 22.06 182.89 204.95 OK
r-devel-linux-x86_64-debian-gcc 1.5.4 0.61 1.75 2.36 ERROR
r-devel-linux-x86_64-fedora-clang 1.5.4 262.66 OK
r-devel-linux-x86_64-fedora-gcc 1.5.4 263.67 OK
r-devel-windows-x86_64 1.5.4 20.00 147.00 167.00 OK
r-patched-linux-x86_64 1.5.4 21.45 176.27 197.72 OK
r-release-linux-x86_64 1.5.4 23.69 175.24 198.93 OK
r-release-macos-arm64 1.5.4 74.00 OK
r-release-macos-x86_64 1.5.4 109.00 OK
r-release-windows-x86_64 1.5.4 22.00 149.00 171.00 OK
r-oldrel-macos-arm64 1.5.4 88.00 OK
r-oldrel-macos-x86_64 1.5.4 149.00 OK
r-oldrel-windows-x86_64 1.5.4 27.00 183.00 210.00 OK

Check Details

Version: 1.5.4
Check: package dependencies
Result: ERROR Packages required but not available: 'igraph', 'sem', 'pcalg' See section ‘The DESCRIPTION file’ in the ‘Writing R Extensions’ manual. Flavor: r-devel-linux-x86_64-debian-gcc