Last updated on 2023-10-01 06:53:16 CEST.
Flavor | Version | Tinstall | Tcheck | Ttotal | Status | Flags |
---|---|---|---|---|---|---|
r-devel-linux-x86_64-debian-clang | 0.9.6 | 141.93 | 262.87 | 404.80 | OK | |
r-devel-linux-x86_64-debian-gcc | 0.9.6 | 109.09 | 200.62 | 309.71 | OK | |
r-devel-linux-x86_64-fedora-clang | 0.9.6 | 523.33 | NOTE | |||
r-devel-linux-x86_64-fedora-gcc | 0.9.6 | 584.44 | NOTE | |||
r-devel-windows-x86_64 | 0.9.6 | 114.00 | 257.00 | 371.00 | NOTE | |
r-patched-linux-x86_64 | 0.9.6 | 147.08 | 257.81 | 404.89 | OK | |
r-release-linux-x86_64 | 0.9.6 | 136.29 | 255.65 | 391.94 | OK | |
r-release-macos-arm64 | 0.9.6 | 220.00 | NOTE | |||
r-release-macos-x86_64 | 0.9.6 | 399.00 | NOTE | |||
r-release-windows-x86_64 | 0.9.6 | 144.00 | 319.00 | 463.00 | NOTE | |
r-oldrel-macos-arm64 | 0.9.6 | 146.00 | NOTE | |||
r-oldrel-macos-x86_64 | 0.9.6 | 243.00 | NOTE | |||
r-oldrel-windows-x86_64 | 0.9.6 | 132.00 | 302.00 | 434.00 | NOTE |
Version: 0.9.6
Check: data for non-ASCII characters
Result: NOTE
Note: found 35707 marked UTF-8 strings
Flavors: r-devel-linux-x86_64-fedora-clang, r-devel-linux-x86_64-fedora-gcc
Version: 0.9.6
Check: installed package size
Result: NOTE
installed size is 5.6Mb
sub-directories of 1Mb or more:
data 3.8Mb
libs 1.4Mb
Flavors: r-devel-windows-x86_64, r-release-macos-arm64, r-release-macos-x86_64, r-release-windows-x86_64, r-oldrel-macos-arm64, r-oldrel-macos-x86_64, r-oldrel-windows-x86_64