CRAN Package Check Results for Package quanteda.textmodels

Last updated on 2022-10-07 05:52:05 CEST.

Flavor Version Tinstall Tcheck Ttotal Status Flags
r-devel-linux-x86_64-debian-clang 0.9.5 133.56 156.51 290.07 ERROR
r-devel-linux-x86_64-debian-gcc 0.9.5-1 101.45 225.98 327.43 OK
r-devel-linux-x86_64-fedora-clang 0.9.5-1 600.32 NOTE
r-devel-linux-x86_64-fedora-gcc 0.9.5-1 565.86 NOTE
r-devel-windows-x86_64 0.9.5-1 116.00 291.00 407.00 NOTE
r-patched-linux-x86_64 0.9.5 119.41 150.38 269.79 ERROR
r-release-linux-x86_64 0.9.5-1 106.75 285.30 392.05 OK
r-release-macos-arm64 0.9.5-1 211.00 NOTE
r-release-macos-x86_64 0.9.5-1 256.00 NOTE
r-release-windows-x86_64 0.9.5-1 151.00 397.00 548.00 NOTE
r-oldrel-macos-arm64 0.9.5 199.00 NOTE
r-oldrel-macos-x86_64 0.9.5-1 238.00 NOTE
r-oldrel-windows-ix86+x86_64 0.9.5-1 215.00 279.00 494.00 WARN

Additional issues

clang-UBSAN

Check Details

Version: 0.9.5
Check: re-building of vignette outputs
Result: ERROR
    Error(s) in re-building vignettes:
     ...
    --- re-building 'textmodel_performance.Rmd' using rmarkdown
    Quitting from lines 32-39 (textmodel_performance.Rmd)
    Error: processing vignette 'textmodel_performance.Rmd' failed with diagnostics:
    cannot open the connection to 'https://www.dropbox.com/s/sjdfmx8ggwfda5o/data_corpus_LMRD.rda?dl=1'
    --- failed re-building 'textmodel_performance.Rmd'
    
    SUMMARY: processing the following file failed:
     'textmodel_performance.Rmd'
    
    Error: Vignette re-building failed.
    Execution halted
Flavors: r-devel-linux-x86_64-debian-clang, r-patched-linux-x86_64

Version: 0.9.5-1
Check: installed package size
Result: NOTE
     installed size is 5.0Mb
     sub-directories of 1Mb or more:
     data 3.9Mb
Flavors: r-devel-linux-x86_64-fedora-clang, r-devel-windows-x86_64, r-release-macos-arm64, r-release-macos-x86_64, r-release-windows-x86_64, r-oldrel-macos-x86_64, r-oldrel-windows-ix86+x86_64

Version: 0.9.5-1
Check: data for non-ASCII characters
Result: NOTE
     Note: found 35707 marked UTF-8 strings
Flavors: r-devel-linux-x86_64-fedora-clang, r-devel-linux-x86_64-fedora-gcc, r-release-macos-arm64, r-release-macos-x86_64, r-oldrel-macos-x86_64

Version: 0.9.5
Check: installed package size
Result: NOTE
     installed size is 10.8Mb
     sub-directories of 1Mb or more:
     data 3.8Mb
     libs 6.6Mb
Flavor: r-oldrel-macos-arm64

Version: 0.9.5
Check: data for non-ASCII characters
Result: NOTE
     Note: found 35707 marked UTF-8 strings
Flavor: r-oldrel-macos-arm64

Version: 0.9.5-1
Check: for unstated dependencies in ‘tests’
Result: WARN
    Warning: unable to access index for repository https://bioconductor.org/packages/3.14/bioc/src/contrib:
     cannot open URL 'https://bioconductor.org/packages/3.14/bioc/src/contrib/PACKAGES'
    Warning: unable to access index for repository https://bioconductor.org/packages/3.14/data/annotation/src/contrib:
     cannot open URL 'https://bioconductor.org/packages/3.14/data/annotation/src/contrib/PACKAGES'
    Warning: unable to access index for repository https://bioconductor.org/packages/3.14/data/experiment/src/contrib:
     cannot open URL 'https://bioconductor.org/packages/3.14/data/experiment/src/contrib/PACKAGES'
Flavor: r-oldrel-windows-ix86+x86_64

Version: 0.9.5-1
Check: re-building of vignette outputs
Result: WARN
    Error(s) in re-building vignettes:
    --- re-building 'textmodel_performance.Rmd' using rmarkdown
    Quitting from lines 32-39 (textmodel_performance.Rmd)
    Error: processing vignette 'textmodel_performance.Rmd' failed with diagnostics:
    cannot open the connection
    --- failed re-building 'textmodel_performance.Rmd'
    
    SUMMARY: processing the following file failed:
     'textmodel_performance.Rmd'
    
    Error: Vignette re-building failed.
    Execution halted
Flavor: r-oldrel-windows-ix86+x86_64