CRAN Package Check Results for Package quanteda.textstats

Last updated on 2021-10-17 05:49:21 CEST.

Flavor Version Tinstall Tcheck Ttotal Status Flags
r-devel-linux-x86_64-debian-clang 0.94.1 88.81 150.44 239.25 OK
r-devel-linux-x86_64-debian-gcc 0.94.1 70.28 114.66 184.94 OK
r-devel-linux-x86_64-fedora-clang 0.94.1 338.93 OK
r-devel-linux-x86_64-fedora-gcc 0.94.1 316.33 OK
r-devel-windows-x86_64 0.94.1 130.00 167.00 297.00 OK
r-devel-windows-x86_64-gcc10-UCRT 0.94.1 OK
r-patched-linux-x86_64 0.94.1 89.16 147.29 236.45 OK
r-patched-solaris-x86 0.94.1 447.70 OK
r-release-linux-x86_64 0.94.1 82.94 144.42 227.36 OK
r-release-macos-arm64 0.94.1 NOTE
r-release-macos-x86_64 0.94.1 OK
r-release-windows-ix86+x86_64 0.94.1 176.00 337.00 513.00 OK
r-oldrel-macos-x86_64 0.94.1 NOTE
r-oldrel-windows-ix86+x86_64 0.94.1 239.00 315.00 554.00 OK

Check Details

Version: 0.94.1
Check: installed package size
Result: NOTE
     installed size is 5.6Mb
     sub-directories of 1Mb or more:
     libs 5.1Mb
Flavor: r-release-macos-arm64

Version: 0.94.1
Check: whether the namespace can be loaded with stated dependencies
Result: NOTE
    Warning in .recacheSubclasses(def@className, def, env) :
     undefined subclass "numericVector" of class "Mnumeric"; definition not updated
    
    A namespace must be able to be loaded with just the base namespace
    loaded: otherwise if the namespace gets loaded by a saved object, the
    session will be unable to start.
    
    Probably some imports need to be declared in the NAMESPACE file.
Flavor: r-oldrel-macos-x86_64